CRAN Package Check Results for Package ie2miscdata

Last updated on 2024-02-24 04:58:45 CET.

Flavor Version Tinstall Tcheck Ttotal Status Flags
r-devel-linux-x86_64-debian-clang 1.0.4 2.97 140.40 143.37 OK
r-devel-linux-x86_64-debian-gcc 1.0.4 2.82 124.82 127.64 OK
r-devel-linux-x86_64-fedora-clang 1.0.4 187.58 NOTE
r-devel-linux-x86_64-fedora-gcc 1.0.4 197.75 NOTE
r-devel-windows-x86_64 1.0.4 5.00 225.00 230.00 OK
r-patched-linux-x86_64 1.0.4 4.59 139.42 144.01 OK
r-release-linux-x86_64 1.0.4 3.56 138.92 142.48 OK
r-release-macos-arm64 1.0.4 98.00 OK
r-release-macos-x86_64 1.0.4 217.00 OK
r-release-windows-x86_64 1.0.4 5.00 206.00 211.00 OK
r-oldrel-macos-arm64 1.0.4 88.00 OK
r-oldrel-windows-x86_64 1.0.4 6.00 196.00 202.00 OK

Check Details

Version: 1.0.4
Check: data for non-ASCII characters
Result: NOTE Note: found 4 marked UTF-8 strings Flavors: r-devel-linux-x86_64-fedora-clang, r-devel-linux-x86_64-fedora-gcc