Last updated on 2023-11-29 04:57:24 CET.
Flavor | Version | Tinstall | Tcheck | Ttotal | Status | Flags |
---|---|---|---|---|---|---|
r-devel-linux-x86_64-debian-clang | 2.0.2 | 11.77 | 38.58 | 50.35 | NOTE | |
r-devel-linux-x86_64-debian-gcc | 2.0.2 | 8.29 | 33.59 | 41.88 | NOTE | |
r-devel-linux-x86_64-fedora-clang | 2.0.2 | 66.70 | OK | |||
r-devel-linux-x86_64-fedora-gcc | 2.0.2 | 66.83 | OK | |||
r-devel-windows-x86_64 | 2.0.2 | 11.00 | 57.00 | 68.00 | OK | |
r-patched-linux-x86_64 | 2.0.2 | 11.01 | 42.36 | 53.37 | OK | |
r-release-linux-x86_64 | 2.0.2 | 8.55 | 42.30 | 50.85 | OK | |
r-release-macos-arm64 | 2.0.2 | 24.00 | OK | |||
r-release-macos-x86_64 | 2.0.2 | 38.00 | OK | |||
r-release-windows-x86_64 | 2.0.2 | 13.00 | 63.00 | 76.00 | OK | |
r-oldrel-macos-arm64 | 2.0.2 | 25.00 | OK | |||
r-oldrel-macos-x86_64 | 2.0.2 | 34.00 | OK | |||
r-oldrel-windows-x86_64 | 2.0.2 | 15.00 | 64.00 | 79.00 | OK |
Version: 2.0.2
Check: Rd files
Result: NOTE
checkRd: (-1) getTree.icrf.Rd:26: Lost braces in \itemize; \value handles \item{}{} directly
checkRd: (-1) getTree.icrf.Rd:27: Lost braces in \itemize; \value handles \item{}{} directly
checkRd: (-1) getTree.icrf.Rd:28: Lost braces in \itemize; \value handles \item{}{} directly
checkRd: (-1) getTree.icrf.Rd:29: Lost braces in \itemize; \value handles \item{}{} directly
checkRd: (-1) getTree.icrf.Rd:30: Lost braces in \itemize; \value handles \item{}{} directly
checkRd: (-1) getTree.icrf.Rd:31-33: Lost braces in \itemize; \value handles \item{}{} directly
checkRd: (-1) icrf.Rd:169: Lost braces in \itemize; \value handles \item{}{} directly
checkRd: (-1) icrf.Rd:170-172: Lost braces in \itemize; \value handles \item{}{} directly
checkRd: (-1) icrf.Rd:171: Lost braces
171 | \item{quasihonest}, \code{bandwith}, and the subsample ratio
| ^
checkRd: (-1) icrf.Rd:173-174: Lost braces in \itemize; \value handles \item{}{} directly
checkRd: (-1) icrf.Rd:175-176: Lost braces in \itemize; \value handles \item{}{} directly
checkRd: (-1) icrf.Rd:177-178: Lost braces in \itemize; \value handles \item{}{} directly
checkRd: (-1) icrf.Rd:179: Lost braces in \itemize; \value handles \item{}{} directly
checkRd: (-1) icrf.Rd:180-181: Lost braces in \itemize; \value handles \item{}{} directly
checkRd: (-1) icrf.Rd:182-183: Lost braces in \itemize; \value handles \item{}{} directly
checkRd: (-1) icrf.Rd:184-185: Lost braces in \itemize; \value handles \item{}{} directly
checkRd: (-1) icrf.Rd:186: Lost braces in \itemize; \value handles \item{}{} directly
checkRd: (-1) icrf.Rd:187-190: Lost braces in \itemize; \value handles \item{}{} directly
checkRd: (-1) icrf.Rd:191-193: Lost braces in \itemize; \value handles \item{}{} directly
checkRd: (-1) icrf.Rd:194: Lost braces in \itemize; \value handles \item{}{} directly
checkRd: (-1) icrf.Rd:195: Lost braces in \itemize; \value handles \item{}{} directly
checkRd: (-1) icrf.Rd:196: Lost braces in \itemize; \value handles \item{}{} directly
checkRd: (-1) icrf.Rd:197-198: Lost braces in \itemize; \value handles \item{}{} directly
checkRd: (-1) icrf.Rd:199: Lost braces in \itemize; \value handles \item{}{} directly
checkRd: (-1) icrf.Rd:199: Lost braces; missing escapes or markup?
199 | \item{intervals}{\code{n} by {2} matrix of the intervals.}
| ^
checkRd: (-1) icrf.Rd:200-213: Lost braces in \itemize; \value handles \item{}{} directly
checkRd: (-1) icrf.Rd:200-203: Lost braces
200 | \item{proximity}{if \code{proximity=TRUE} {if \code{proximity=TRUE} when
| ^
checkRd: (-1) icrf.Rd:204: Lost braces
204 | \item{inbag}{if \code{keep.inbag=TRUE} provides a matrix of in-bag indicators
| ^
checkRd: (-1) icrf.Rd:204-205: Lost braces
204 | \item{inbag}{if \code{keep.inbag=TRUE} provides a matrix of in-bag indicators
| ^
checkRd: (-1) icrf.Rd:206: Lost braces
206 | \item{runtime}{start and end times and the elapsed time.}
| ^
checkRd: (-1) icrf.Rd:206: Lost braces
206 | \item{runtime}{start and end times and the elapsed time.}
| ^
checkRd: (-1) icrf.Rd:207: Lost braces
207 | \item{test}{if test set is given (through the \code{xtest} or additionally
| ^
checkRd: (-1) icrf.Rd:207-212: Lost braces
207 | \item{test}{if test set is given (through the \code{xtest} or additionally
| ^
Flavors: r-devel-linux-x86_64-debian-clang, r-devel-linux-x86_64-debian-gcc