CRAN Package Check Results for Package iccbeta

Last updated on 2024-03-02 04:48:24 CET.

Flavor Version Tinstall Tcheck Ttotal Status Flags
r-devel-linux-x86_64-debian-clang 1.2.0 41.43 81.43 122.86 NOTE
r-devel-linux-x86_64-debian-gcc 1.2.0 30.35 60.88 91.23 NOTE
r-devel-linux-x86_64-fedora-clang 1.2.0 157.81 NOTE
r-devel-linux-x86_64-fedora-gcc 1.2.0 150.87 NOTE
r-devel-windows-x86_64 1.2.0 32.00 95.00 127.00 NOTE
r-patched-linux-x86_64 1.2.0 35.94 78.86 114.80 NOTE
r-release-linux-x86_64 1.2.0 27.15 78.23 105.38 NOTE
r-release-macos-arm64 1.2.0 47.00 NOTE
r-release-macos-x86_64 1.2.0 74.00 NOTE
r-release-windows-x86_64 1.2.0 40.00 111.00 151.00 NOTE
r-oldrel-macos-arm64 1.2.0 43.00 OK
r-oldrel-windows-x86_64 1.2.0 39.00 111.00 150.00 OK

Check Details

Version: 1.2.0
Check: C++ specification
Result: NOTE Specified C++11: please drop specification unless essential Flavors: r-devel-linux-x86_64-debian-clang, r-devel-linux-x86_64-debian-gcc, r-devel-linux-x86_64-fedora-clang, r-devel-linux-x86_64-fedora-gcc, r-devel-windows-x86_64, r-patched-linux-x86_64, r-release-linux-x86_64, r-release-macos-arm64, r-release-macos-x86_64, r-release-windows-x86_64