CRAN Package Check Results for Package ibmsunburst

Last updated on 2024-06-14 05:58:25 CEST.

Flavor Version Tinstall Tcheck Ttotal Status Flags
r-devel-linux-x86_64-debian-clang 0.1.4 3.10 34.40 37.50 OK
r-devel-linux-x86_64-debian-gcc 0.1.4 2.47 26.67 29.14 ERROR
r-devel-linux-x86_64-fedora-clang 0.1.4 49.40 OK
r-devel-linux-x86_64-fedora-gcc 0.1.4 58.22 OK
r-devel-windows-x86_64 0.1.4 4.00 47.00 51.00 OK
r-patched-linux-x86_64 0.1.4 3.31 33.84 37.15 OK
r-release-linux-x86_64 0.1.4 2.71 33.56 36.27 OK
r-release-macos-arm64 0.1.4 26.00 OK
r-release-macos-x86_64 0.1.4 49.00 OK
r-release-windows-x86_64 0.1.4 4.00 50.00 54.00 OK
r-oldrel-macos-arm64 0.1.4 30.00 OK
r-oldrel-macos-x86_64 0.1.4 40.00 OK
r-oldrel-windows-x86_64 0.1.4 5.00 51.00 56.00 OK

Check Details

Version: 0.1.4
Check: package dependencies
Result: NOTE Package suggested but not available for checking: ‘testthat’ Flavor: r-devel-linux-x86_64-debian-gcc

Version: 0.1.4
Check: tests
Result: ERROR Running ‘testthat.R’ [0s/1s] Running the tests in ‘tests/testthat.R’ failed. Complete output: > library(testthat) Error in library(testthat) : there is no package called 'testthat' Execution halted Flavor: r-devel-linux-x86_64-debian-gcc