CRAN Package Check Results for Package ibb

Last updated on 2024-07-19 05:57:35 CEST.

Flavor Version Tinstall Tcheck Ttotal Status Flags
r-devel-linux-x86_64-debian-clang 0.0.2 3.15 31.12 34.27 OK
r-devel-linux-x86_64-debian-gcc 0.0.2 2.44 24.69 27.13 OK
r-devel-linux-x86_64-fedora-clang 0.0.2 46.30 NOTE
r-devel-linux-x86_64-fedora-gcc 0.0.2 41.25 NOTE
r-devel-windows-x86_64 0.0.2 4.00 48.00 52.00 OK
r-patched-linux-x86_64 0.0.2 3.56 30.33 33.89 OK
r-release-linux-x86_64 0.0.2 3.12 31.22 34.34 OK
r-release-macos-arm64 0.0.2 19.00 OK
r-release-macos-x86_64 0.0.2 28.00 OK
r-release-windows-x86_64 0.0.2 4.00 49.00 53.00 OK
r-oldrel-macos-arm64 0.0.2 25.00 OK
r-oldrel-macos-x86_64 0.0.2 26.00 OK
r-oldrel-windows-x86_64 0.0.2 5.00 51.00 56.00 OK

Check Details

Version: 0.0.2
Check: data for non-ASCII characters
Result: NOTE Note: found 359 marked UTF-8 strings Flavors: r-devel-linux-x86_64-fedora-clang, r-devel-linux-x86_64-fedora-gcc