CRAN Package Check Results for Package ibawds

Last updated on 2024-07-19 05:57:35 CEST.

Flavor Version Tinstall Tcheck Ttotal Status Flags
r-devel-linux-x86_64-debian-clang 0.6.0 4.00 49.78 53.78 OK
r-devel-linux-x86_64-debian-gcc 0.6.0 2.79 38.65 41.44 OK
r-devel-linux-x86_64-fedora-clang 0.6.0 71.76 NOTE
r-devel-linux-x86_64-fedora-gcc 0.6.0 71.32 NOTE
r-devel-windows-x86_64 0.6.0 6.00 63.00 69.00 OK
r-patched-linux-x86_64 0.6.0 2.95 49.05 52.00 OK
r-release-linux-x86_64 0.6.0 3.56 48.79 52.35 OK
r-release-macos-arm64 0.6.0 25.00 OK
r-release-macos-x86_64 0.6.0 38.00 OK
r-release-windows-x86_64 0.6.0 5.00 61.00 66.00 OK
r-oldrel-macos-arm64 0.6.0 31.00 OK
r-oldrel-macos-x86_64 0.6.0 50.00 OK
r-oldrel-windows-x86_64 0.6.0 6.00 73.00 79.00 OK

Check Details

Version: 0.6.0
Check: data for non-ASCII characters
Result: NOTE Note: found 1 marked UTF-8 string Flavors: r-devel-linux-x86_64-fedora-clang, r-devel-linux-x86_64-fedora-gcc