Last updated on 2023-12-01 04:53:58 CET.
Flavor | Version | Tinstall | Tcheck | Ttotal | Status | Flags |
---|---|---|---|---|---|---|
r-devel-linux-x86_64-debian-clang | 0.5.0 | 4.08 | 53.14 | 57.22 | OK | |
r-devel-linux-x86_64-debian-gcc | 0.5.0 | 2.90 | 40.86 | 43.76 | OK | |
r-devel-linux-x86_64-fedora-clang | 0.5.0 | 73.86 | NOTE | |||
r-devel-linux-x86_64-fedora-gcc | 0.5.0 | 69.11 | NOTE | |||
r-devel-windows-x86_64 | 0.5.0 | 5.00 | 108.00 | 113.00 | OK | |
r-patched-linux-x86_64 | 0.5.0 | 4.74 | 51.14 | 55.88 | OK | |
r-release-linux-x86_64 | 0.5.0 | 3.57 | 51.35 | 54.92 | OK | |
r-release-macos-arm64 | 0.5.0 | 28.00 | OK | |||
r-release-macos-x86_64 | 0.5.0 | 40.00 | OK | |||
r-release-windows-x86_64 | 0.5.0 | 7.00 | 114.00 | 121.00 | OK | |
r-oldrel-macos-arm64 | 0.5.0 | 24.00 | NOTE | |||
r-oldrel-macos-x86_64 | 0.5.0 | 35.00 | NOTE | |||
r-oldrel-windows-x86_64 | 0.5.0 | 6.00 | 116.00 | 122.00 | OK |
Version: 0.5.0
Check: data for non-ASCII characters
Result: NOTE
Note: found 1 marked UTF-8 string
Flavors: r-devel-linux-x86_64-fedora-clang, r-devel-linux-x86_64-fedora-gcc, r-oldrel-macos-arm64, r-oldrel-macos-x86_64