CRAN Package Check Results for Package iGasso

Last updated on 2024-06-14 05:58:26 CEST.

Flavor Version Tinstall Tcheck Ttotal Status Flags
r-devel-linux-x86_64-debian-clang 1.6.1 3.19 32.02 35.21 OK
r-devel-linux-x86_64-debian-gcc 1.6.1 0.31 1.71 2.02 ERROR
r-devel-linux-x86_64-fedora-clang 1.6.1 44.93 OK
r-devel-linux-x86_64-fedora-gcc 1.6.1 42.66 OK
r-devel-windows-x86_64 1.6.1 5.00 46.00 51.00 OK
r-patched-linux-x86_64 1.6.1 2.59 31.29 33.88 OK
r-release-linux-x86_64 1.6.1 3.62 31.48 35.10 OK
r-release-macos-arm64 1.6.1 18.00 OK
r-release-macos-x86_64 1.6.1 24.00 OK
r-release-windows-x86_64 1.6.1 5.00 48.00 53.00 OK
r-oldrel-macos-arm64 1.6.1 23.00 OK
r-oldrel-macos-x86_64 1.6.1 37.00 OK
r-oldrel-windows-x86_64 1.6.1 6.00 51.00 57.00 OK

Check Details

Version: 1.6.1
Check: package dependencies
Result: ERROR Package required but not available: ‘MBESS’ See section ‘The DESCRIPTION file’ in the ‘Writing R Extensions’ manual. Flavor: r-devel-linux-x86_64-debian-gcc