CRAN Package Check Results for Package hyd1d

Last updated on 2023-12-01 04:53:58 CET.

Flavor Version Tinstall Tcheck Ttotal Status Flags
r-devel-linux-x86_64-debian-clang 0.5.1 14.41 128.87 143.28 OK
r-devel-linux-x86_64-debian-gcc 0.5.1 11.39 140.87 152.26 OK
r-devel-linux-x86_64-fedora-clang 0.5.1 249.68 OK
r-devel-linux-x86_64-fedora-gcc 0.5.1 128.03 OK
r-devel-windows-x86_64 0.5.1 14.00 151.00 165.00 OK
r-patched-linux-x86_64 0.5.1 15.15 121.04 136.19 OK
r-release-linux-x86_64 0.5.1 15.74 116.21 131.95 OK
r-release-macos-arm64 0.5.1 230.00 OK
r-release-macos-x86_64 0.5.1 320.00 ERROR
r-release-windows-x86_64 0.5.1 18.00 195.00 213.00 OK
r-oldrel-macos-arm64 0.5.1 204.00 OK
r-oldrel-macos-x86_64 0.4.6 259.00 OK
r-oldrel-windows-x86_64 0.5.1 18.00 195.00 213.00 OK

Check Details

Version: 0.5.1
Check: re-building of vignette outputs
Result: ERROR Error(s) in re-building vignettes: ... --- re-building ‘hyd1d.Rmd’ using rmarkdown Pandoc is required to build R Markdown vignettes but not available. Please make sure it is installed. Quitting from lines 82-209 [captions] (hyd1d.Rmd) Error: processing vignette 'hyd1d.Rmd' failed with diagnostics: argument is of length zero --- failed re-building ‘hyd1d.Rmd’ --- re-building ‘vignette_DE.Rmd’ using rmarkdown Pandoc is required to build R Markdown vignettes but not available. Please make sure it is installed. Quitting from lines 84-209 [captions] (vignette_DE.Rmd) Error: processing vignette 'vignette_DE.Rmd' failed with diagnostics: argument is of length zero --- failed re-building ‘vignette_DE.Rmd’ SUMMARY: processing the following files failed: ‘hyd1d.Rmd’ ‘vignette_DE.Rmd’ Error: Vignette re-building failed. Execution halted Flavor: r-release-macos-x86_64