CRAN Package Check Results for Package hurricaneexposure

Last updated on 2024-06-14 05:58:25 CEST.

Flavor Version Tinstall Tcheck Ttotal Status Flags
r-devel-linux-x86_64-debian-clang 0.1.1 7.65 59.14 66.79 NOTE
r-devel-linux-x86_64-debian-gcc 0.1.1 0.44 1.71 2.15 ERROR
r-devel-linux-x86_64-fedora-clang 0.1.1 88.01 NOTE
r-devel-linux-x86_64-fedora-gcc 0.1.1 93.30 NOTE
r-devel-windows-x86_64 0.1.1 6.00 69.00 75.00 NOTE
r-patched-linux-x86_64 0.1.1 7.89 59.36 67.25 NOTE
r-release-linux-x86_64 0.1.1 4.40 57.13 61.53 NOTE
r-release-macos-arm64 0.1.1 34.00 NOTE
r-release-macos-x86_64 0.1.1 55.00 NOTE
r-release-windows-x86_64 0.1.1 8.00 67.00 75.00 NOTE
r-oldrel-macos-arm64 0.1.1 34.00 NOTE
r-oldrel-macos-x86_64 0.1.1 50.00 NOTE
r-oldrel-windows-x86_64 0.1.1 9.00 78.00 87.00 NOTE

Check Details

Version: 0.1.1
Check: package dependencies
Result: NOTE Package suggested but not available for checking: ‘hurricaneexposuredata’ Flavors: r-devel-linux-x86_64-debian-clang, r-devel-linux-x86_64-fedora-clang, r-devel-linux-x86_64-fedora-gcc, r-devel-windows-x86_64, r-patched-linux-x86_64, r-release-linux-x86_64, r-release-macos-arm64, r-release-macos-x86_64, r-release-windows-x86_64, r-oldrel-macos-arm64, r-oldrel-macos-x86_64, r-oldrel-windows-x86_64

Version: 0.1.1
Check: Rd files
Result: NOTE checkRd: (-1) county_distance.Rd:26-28: Lost braces in \itemize; \value handles \item{}{} directly checkRd: (-1) county_distance.Rd:29-30: Lost braces in \itemize; \value handles \item{}{} directly checkRd: (-1) county_distance.Rd:31-33: Lost braces in \itemize; \value handles \item{}{} directly checkRd: (-1) county_distance.Rd:34-35: Lost braces in \itemize; \value handles \item{}{} directly checkRd: (-1) county_distance.Rd:36-38: Lost braces in \itemize; \value handles \item{}{} directly checkRd: (-1) county_distance.Rd:39-42: Lost braces in \itemize; \value handles \item{}{} directly checkRd: (-1) county_events.Rd:26-27: Lost braces in \itemize; \value handles \item{}{} directly checkRd: (-1) county_events.Rd:28-30: Lost braces in \itemize; \value handles \item{}{} directly checkRd: (-1) county_events.Rd:31-32: Lost braces in \itemize; \value handles \item{}{} directly checkRd: (-1) county_events.Rd:33-36: Lost braces in \itemize; \value handles \item{}{} directly checkRd: (-1) county_events.Rd:37-38: Lost braces in \itemize; \value handles \item{}{} directly checkRd: (-1) county_events.Rd:39-41: Lost braces in \itemize; \value handles \item{}{} directly checkRd: (-1) county_events.Rd:42-44: Lost braces in \itemize; \value handles \item{}{} directly checkRd: (-1) county_rain.Rd:47-49: Lost braces in \itemize; \value handles \item{}{} directly checkRd: (-1) county_rain.Rd:50-51: Lost braces in \itemize; \value handles \item{}{} directly checkRd: (-1) county_rain.Rd:52-54: Lost braces in \itemize; \value handles \item{}{} directly checkRd: (-1) county_rain.Rd:55-56: Lost braces in \itemize; \value handles \item{}{} directly checkRd: (-1) county_rain.Rd:57-59: Lost braces in \itemize; \value handles \item{}{} directly checkRd: (-1) county_rain.Rd:60-62: Lost braces in \itemize; \value handles \item{}{} directly checkRd: (-1) county_rain.Rd:63-66: Lost braces in \itemize; \value handles \item{}{} directly checkRd: (-1) county_wind.Rd:55-57: Lost braces in \itemize; \value handles \item{}{} directly checkRd: (-1) county_wind.Rd:58-59: Lost braces in \itemize; \value handles \item{}{} directly checkRd: (-1) county_wind.Rd:60: Lost braces in \itemize; \value handles \item{}{} directly checkRd: (-1) county_wind.Rd:61: Lost braces in \itemize; \value handles \item{}{} directly checkRd: (-1) county_wind.Rd:62: Lost braces in \itemize; \value handles \item{}{} directly checkRd: (-1) county_wind.Rd:63-64: Lost braces in \itemize; \value handles \item{}{} directly checkRd: (-1) county_wind.Rd:65-66: Lost braces in \itemize; \value handles \item{}{} directly checkRd: (-1) county_wind.Rd:67-70: Lost braces in \itemize; \value handles \item{}{} directly checkRd: (-1) county_wind.Rd:71-72: Lost braces in \itemize; \value handles \item{}{} directly checkRd: (-1) county_wind.Rd:73-75: Lost braces in \itemize; \value handles \item{}{} directly checkRd: (-1) county_wind.Rd:76-78: Lost braces in \itemize; \value handles \item{}{} directly checkRd: (-1) multi_county_rain.Rd:48: Lost braces in \itemize; \value handles \item{}{} directly checkRd: (-1) multi_county_rain.Rd:49-51: Lost braces in \itemize; \value handles \item{}{} directly checkRd: (-1) multi_county_rain.Rd:52-54: Lost braces in \itemize; \value handles \item{}{} directly checkRd: (-1) multi_county_rain.Rd:55-57: Lost braces in \itemize; \value handles \item{}{} directly checkRd: (-1) multi_county_rain.Rd:58-61: Lost braces in \itemize; \value handles \item{}{} directly checkRd: (-1) multi_county_rain.Rd:62-65: Lost braces in \itemize; \value handles \item{}{} directly checkRd: (-1) multi_county_rain.Rd:66-68: Lost braces in \itemize; \value handles \item{}{} directly checkRd: (-1) multi_county_rain.Rd:69-72: Lost braces in \itemize; \value handles \item{}{} directly checkRd: (-1) multi_county_rain.Rd:73-76: Lost braces in \itemize; \value handles \item{}{} directly Flavors: r-devel-linux-x86_64-debian-clang, r-devel-linux-x86_64-fedora-clang, r-devel-linux-x86_64-fedora-gcc, r-devel-windows-x86_64, r-patched-linux-x86_64, r-release-linux-x86_64, r-release-macos-arm64, r-release-macos-x86_64, r-release-windows-x86_64

Version: 0.1.1
Check: LazyData
Result: NOTE 'LazyData' is specified without a 'data' directory Flavors: r-devel-linux-x86_64-debian-clang, r-devel-linux-x86_64-fedora-clang, r-devel-linux-x86_64-fedora-gcc, r-devel-windows-x86_64, r-patched-linux-x86_64, r-release-linux-x86_64, r-release-macos-arm64, r-release-macos-x86_64, r-release-windows-x86_64, r-oldrel-macos-arm64, r-oldrel-macos-x86_64, r-oldrel-windows-x86_64

Version: 0.1.1
Check: package dependencies
Result: ERROR Packages required but not available: 'dplyr', 'ggmap', 'ggplot2', 'lubridate', 'purrr', 'stringr', 'tidyr' Package suggested but not available for checking: ‘hurricaneexposuredata’ See section ‘The DESCRIPTION file’ in the ‘Writing R Extensions’ manual. Flavor: r-devel-linux-x86_64-debian-gcc

Version: 0.1.1
Check: dependencies in R code
Result: NOTE Namespace in Imports field not imported from: ‘mapproj’ All declared Imports should be used. Flavors: r-devel-linux-x86_64-fedora-clang, r-devel-linux-x86_64-fedora-gcc