Last updated on 2023-12-03 04:56:09 CET.
Flavor | Version | Tinstall | Tcheck | Ttotal | Status | Flags |
---|---|---|---|---|---|---|
r-devel-linux-x86_64-debian-clang | 1.6.12 | 184.04 | 49.69 | 233.73 | WARN | |
r-devel-linux-x86_64-debian-gcc | 1.6.12 | 124.54 | 39.13 | 163.67 | NOTE | |
r-devel-linux-x86_64-fedora-clang | 1.6.12 | 370.39 | WARN | |||
r-devel-linux-x86_64-fedora-gcc | 1.6.12 | 335.32 | NOTE | |||
r-devel-windows-x86_64 | 1.6.12 | 187.00 | 89.00 | 276.00 | NOTE | |
r-patched-linux-x86_64 | 1.6.12 | 136.53 | 48.73 | 185.26 | NOTE | |
r-release-linux-x86_64 | 1.6.12 | 142.71 | 48.36 | 191.07 | NOTE | |
r-release-macos-arm64 | 1.6.12 | 173.00 | NOTE | |||
r-release-macos-x86_64 | 1.6.12 | 192.00 | NOTE | |||
r-release-windows-x86_64 | 1.6.12 | 242.00 | 99.00 | 341.00 | NOTE | |
r-oldrel-macos-arm64 | 1.6.12 | 160.00 | NOTE | |||
r-oldrel-macos-x86_64 | 1.6.11 | 197.00 | NOTE | |||
r-oldrel-windows-x86_64 | 1.6.12 | 202.00 | 92.00 | 294.00 | NOTE |
Version: 1.6.12
Check: whether package can be installed
Result: WARN
Found the following significant warnings:
webapplication.cpp:223:16: warning: format string is not a string literal (potentially insecure) [-Wformat-security]
See ‘/home/hornik/tmp/R.check/r-devel-clang/Work/PKGS/httpuv.Rcheck/00install.out’ for details.
* used C compiler: ‘Debian clang version 17.0.5 (1)’
* used C++ compiler: ‘Debian clang version 17.0.5 (1)’
Flavor: r-devel-linux-x86_64-debian-clang
Version: 1.6.12
Check: for GNU extensions in Makefiles
Result: NOTE
GNU make is a SystemRequirements.
Flavors: r-devel-linux-x86_64-debian-clang, r-devel-linux-x86_64-debian-gcc, r-devel-linux-x86_64-fedora-clang, r-devel-linux-x86_64-fedora-gcc, r-devel-windows-x86_64, r-patched-linux-x86_64, r-release-linux-x86_64, r-release-macos-arm64, r-release-macos-x86_64, r-release-windows-x86_64, r-oldrel-macos-arm64, r-oldrel-windows-x86_64
Version: 1.6.12
Check: whether package can be installed
Result: WARN
Found the following significant warnings:
webapplication.cpp:223:16: warning: format string is not a string literal (potentially insecure) [-Wformat-security]
See ‘/data/gannet/ripley/R/packages/tests-clang/httpuv.Rcheck/00install.out’ for details.
* used C compiler: ‘clang version 17.0.5’
* used C++ compiler: ‘clang version 17.0.5’
Flavor: r-devel-linux-x86_64-fedora-clang
Version: 1.6.12
Check: installed package size
Result: NOTE
installed size is 9.1Mb
sub-directories of 1Mb or more:
libs 8.6Mb
Flavors: r-release-macos-arm64, r-release-macos-x86_64, r-oldrel-macos-arm64
Version: 1.6.11
Check: installed package size
Result: NOTE
installed size is 9.8Mb
sub-directories of 1Mb or more:
libs 9.4Mb
Flavor: r-oldrel-macos-x86_64
Version: 1.6.11
Check: for GNU extensions in Makefiles
Result: NOTE
GNU make is a SystemRequirements.
Flavor: r-oldrel-macos-x86_64