Last updated on 2023-12-03 04:56:09 CET.
Flavor | Version | Tinstall | Tcheck | Ttotal | Status | Flags |
---|---|---|---|---|---|---|
r-devel-linux-x86_64-debian-clang | 0.9.4-2 | 34.57 | 304.43 | 339.00 | NOTE | |
r-devel-linux-x86_64-debian-gcc | 0.9.4-2 | 27.04 | 225.55 | 252.59 | NOTE | |
r-devel-linux-x86_64-fedora-clang | 0.9.4-2 | 415.76 | NOTE | |||
r-devel-linux-x86_64-fedora-gcc | 0.9.4-2 | 410.01 | NOTE | |||
r-devel-windows-x86_64 | 0.9.4-2 | 28.00 | 218.00 | 246.00 | NOTE | |
r-patched-linux-x86_64 | 0.9.4-2 | 29.15 | 291.14 | 320.29 | OK | |
r-release-linux-x86_64 | 0.9.4-2 | 30.91 | 287.09 | 318.00 | OK | |
r-release-macos-arm64 | 0.9.4-2 | 9.00 | ERROR | |||
r-release-macos-x86_64 | 0.9.4-2 | 222.00 | OK | |||
r-release-windows-x86_64 | 0.9.4-2 | 36.00 | 276.00 | 312.00 | OK | |
r-oldrel-macos-arm64 | 0.9.4-2 | 93.00 | NOTE | |||
r-oldrel-macos-x86_64 | 0.9.4-2 | 13.00 | ERROR | |||
r-oldrel-windows-x86_64 | 0.9.4-2 | 38.00 | 258.00 | 296.00 | OK |
Version: 0.9.4-2
Check: Rd metadata
Result: NOTE
Invalid package aliases in Rd file 'hoardeR-package.Rd':
‘R/hoardeR-package’
Flavors: r-devel-linux-x86_64-debian-clang, r-devel-linux-x86_64-debian-gcc, r-devel-linux-x86_64-fedora-clang, r-devel-linux-x86_64-fedora-gcc, r-devel-windows-x86_64
Version: 0.9.4-2
Check: dependencies in R code
Result: NOTE
Namespaces in Imports field not imported from:
‘knitr’ ‘rmarkdown’
All declared Imports should be used.
Flavors: r-devel-linux-x86_64-fedora-clang, r-devel-linux-x86_64-fedora-gcc, r-oldrel-macos-arm64
Version: 0.9.4-2
Check: whether package can be installed
Result: ERROR
Installation failed.
Flavor: r-release-macos-arm64
Version: 0.9.4-2
Check: package dependencies
Result: ERROR
Package required but not available: ‘bamsignals’
See section ‘The DESCRIPTION file’ in the ‘Writing R Extensions’
manual.
Flavor: r-oldrel-macos-x86_64