CRAN Package Check Results for Package hmm.discnp

Last updated on 2024-03-04 04:51:32 CET.

Flavor Version Tinstall Tcheck Ttotal Status Flags
r-devel-linux-x86_64-debian-clang 3.0-9 10.88 66.60 77.48 NOTE
r-devel-linux-x86_64-debian-gcc 3.0-9 8.63 48.30 56.93 NOTE
r-devel-linux-x86_64-fedora-clang 3.0-9 93.08 NOTE
r-devel-linux-x86_64-fedora-gcc 3.0-9 94.59 NOTE
r-devel-windows-x86_64 3.0-9 13.00 74.00 87.00 NOTE
r-patched-linux-x86_64 3.0-9 9.69 65.31 75.00 OK
r-release-linux-x86_64 3.0-9 9.83 65.70 75.53 OK
r-release-macos-arm64 3.0-9 31.00 OK
r-release-macos-x86_64 3.0-9 50.00 OK
r-release-windows-x86_64 3.0-9 13.00 82.00 95.00 OK
r-oldrel-macos-arm64 3.0-9 30.00 OK
r-oldrel-windows-x86_64 3.0-9 16.00 85.00 101.00 OK

Check Details

Version: 3.0-9
Check: Rd files
Result: NOTE checkRd: (-1) nafracCalc.Rd:45: Lost braces 45 | as if code{y} were not of class \code{"multipleHmmDataSets"}. | ^ Flavors: r-devel-linux-x86_64-debian-clang, r-devel-linux-x86_64-debian-gcc, r-devel-linux-x86_64-fedora-clang, r-devel-linux-x86_64-fedora-gcc, r-devel-windows-x86_64