CRAN Package Check Results for Package hmm.discnp

Last updated on 2025-01-21 04:48:27 CET.

Flavor Version Tinstall Tcheck Ttotal Status Flags
r-devel-linux-x86_64-debian-clang 3.0-9 10.11 53.36 63.47 NOTE
r-devel-linux-x86_64-debian-gcc 3.0-9 6.08 34.08 40.16 NOTE
r-devel-linux-x86_64-fedora-clang 3.0-9 97.50 NOTE
r-devel-linux-x86_64-fedora-gcc 3.0-9 91.45 NOTE
r-devel-windows-x86_64 3.0-9 13.00 80.00 93.00 NOTE
r-patched-linux-x86_64 3.0-9 10.35 48.31 58.66 NOTE
r-release-linux-x86_64 3.0-9 8.13 48.81 56.94 NOTE
r-release-macos-arm64 3.0-9 26.00 NOTE
r-release-macos-x86_64 3.0-9 48.00 NOTE
r-release-windows-x86_64 3.0-9 12.00 169.00 181.00 NOTE
r-oldrel-macos-arm64 3.0-9 31.00 OK
r-oldrel-macos-x86_64 3.0-9 50.00 OK
r-oldrel-windows-x86_64 3.0-9 12.00 82.00 94.00 OK

Check Details

Version: 3.0-9
Check: Rd files
Result: NOTE checkRd: (-1) nafracCalc.Rd:45: Lost braces 45 | as if code{y} were not of class \code{"multipleHmmDataSets"}. | ^ Flavors: r-devel-linux-x86_64-debian-clang, r-devel-linux-x86_64-debian-gcc, r-devel-linux-x86_64-fedora-clang, r-devel-linux-x86_64-fedora-gcc, r-devel-windows-x86_64, r-patched-linux-x86_64, r-release-linux-x86_64, r-release-macos-arm64, r-release-macos-x86_64, r-release-windows-x86_64