Last updated on 2023-11-30 04:52:53 CET.
Flavor | Version | Tinstall | Tcheck | Ttotal | Status | Flags |
---|---|---|---|---|---|---|
r-devel-linux-x86_64-debian-clang | 0.2.0 | 3.71 | 39.45 | 43.16 | NOTE | |
r-devel-linux-x86_64-debian-gcc | 0.2.0 | 3.05 | 29.43 | 32.48 | NOTE | |
r-devel-linux-x86_64-fedora-clang | 0.2.0 | 54.22 | NOTE | |||
r-devel-linux-x86_64-fedora-gcc | 0.2.0 | 51.16 | NOTE | |||
r-devel-windows-x86_64 | 0.2.0 | 5.00 | 55.00 | 60.00 | NOTE | |
r-patched-linux-x86_64 | 0.2.0 | 3.00 | 37.48 | 40.48 | NOTE | |
r-release-linux-x86_64 | 0.2.0 | 2.93 | 37.57 | 40.50 | NOTE | |
r-release-macos-arm64 | 0.2.0 | 21.00 | NOTE | |||
r-release-macos-x86_64 | 0.2.0 | 30.00 | NOTE | |||
r-release-windows-x86_64 | 0.2.0 | 6.00 | 57.00 | 63.00 | NOTE | |
r-oldrel-macos-arm64 | 0.2.0 | 20.00 | NOTE | |||
r-oldrel-macos-x86_64 | 0.2.0 | 34.00 | NOTE | |||
r-oldrel-windows-x86_64 | 0.2.0 | 5.00 | 60.00 | 65.00 | NOTE |
Version: 0.2.0
Check: LazyData
Result: NOTE
'LazyData' is specified without a 'data' directory
Flavors: r-devel-linux-x86_64-debian-clang, r-devel-linux-x86_64-debian-gcc, r-devel-linux-x86_64-fedora-clang, r-devel-linux-x86_64-fedora-gcc, r-devel-windows-x86_64, r-patched-linux-x86_64, r-release-linux-x86_64, r-release-macos-arm64, r-release-macos-x86_64, r-release-windows-x86_64, r-oldrel-macos-arm64, r-oldrel-macos-x86_64, r-oldrel-windows-x86_64