CRAN Package Check Results for Package hindex

Last updated on 2024-07-19 05:57:35 CEST.

Flavor Version Tinstall Tcheck Ttotal Status Flags
r-devel-linux-x86_64-debian-clang 0.2.0 3.97 39.43 43.40 NOTE
r-devel-linux-x86_64-debian-gcc 0.2.0 2.71 30.11 32.82 NOTE
r-devel-linux-x86_64-fedora-clang 0.2.0 55.30 NOTE
r-devel-linux-x86_64-fedora-gcc 0.2.0 51.17 NOTE
r-devel-windows-x86_64 0.2.0 6.00 61.00 67.00 NOTE
r-patched-linux-x86_64 0.2.0 2.68 38.96 41.64 NOTE
r-release-linux-x86_64 0.2.0 3.68 37.83 41.51 NOTE
r-release-macos-arm64 0.2.0 20.00 NOTE
r-release-macos-x86_64 0.2.0 31.00 NOTE
r-release-windows-x86_64 0.2.0 4.00 55.00 59.00 NOTE
r-oldrel-macos-arm64 0.2.0 21.00 NOTE
r-oldrel-macos-x86_64 0.2.0 30.00 NOTE
r-oldrel-windows-x86_64 0.2.0 5.00 57.00 62.00 NOTE

Check Details

Version: 0.2.0
Check: LazyData
Result: NOTE 'LazyData' is specified without a 'data' directory Flavors: r-devel-linux-x86_64-debian-clang, r-devel-linux-x86_64-debian-gcc, r-devel-linux-x86_64-fedora-clang, r-devel-linux-x86_64-fedora-gcc, r-devel-windows-x86_64, r-patched-linux-x86_64, r-release-linux-x86_64, r-release-macos-arm64, r-release-macos-x86_64, r-release-windows-x86_64, r-oldrel-macos-arm64, r-oldrel-macos-x86_64, r-oldrel-windows-x86_64