CRAN Package Check Results for Package highs

Last updated on 2024-02-22 05:01:47 CET.

Flavor Version Tinstall Tcheck Ttotal Status Flags
r-devel-linux-x86_64-debian-clang 0.1-10 NOTE
r-devel-linux-x86_64-debian-gcc 0.1-10 729.58 25.23 754.81 NOTE
r-devel-linux-x86_64-fedora-clang 0.1-10 1087.11 NOTE
r-devel-linux-x86_64-fedora-gcc 0.1-10 1387.06 NOTE
r-devel-windows-x86_64 0.1-10 543.00 92.00 635.00 NOTE
r-patched-linux-x86_64 0.1-10 948.56 32.18 980.74 NOTE
r-release-linux-x86_64 0.1-10 942.56 32.38 974.94 NOTE
r-release-macos-arm64 0.1-10 237.00 NOTE
r-release-macos-x86_64 0.1-10 181.00 NOTE
r-release-windows-x86_64 0.1-10 518.00 103.00 621.00 NOTE
r-oldrel-macos-arm64 0.1-10 230.00 NOTE
r-oldrel-windows-x86_64 0.1-10 682.00 93.00 775.00 OK

Check Details

Version: 0.1-10
Check: C++ specification
Result: NOTE Specified C++11: please drop specification unless essential Flavors: r-devel-linux-x86_64-debian-clang, r-devel-linux-x86_64-debian-gcc, r-devel-linux-x86_64-fedora-clang, r-devel-linux-x86_64-fedora-gcc, r-devel-windows-x86_64, r-patched-linux-x86_64, r-release-linux-x86_64, r-release-macos-arm64, r-release-macos-x86_64, r-release-windows-x86_64

Version: 0.1-10
Check: installed package size
Result: NOTE installed size is 48.5Mb sub-directories of 1Mb or more: libs 48.4Mb Flavors: r-release-macos-arm64, r-release-macos-x86_64, r-oldrel-macos-arm64