CRAN Package Check Results for Package hgwrr

Last updated on 2024-03-04 04:51:32 CET.

Flavor Version Tinstall Tcheck Ttotal Status Flags
r-devel-linux-x86_64-debian-clang 0.3-0 44.60 37.08 81.68 OK
r-devel-linux-x86_64-debian-gcc 0.3-0 31.40 28.34 59.74 OK
r-devel-linux-x86_64-fedora-clang 0.3-0 104.65 NOTE
r-devel-linux-x86_64-fedora-gcc 0.3-0 104.85 OK
r-devel-windows-x86_64 0.3-0 29.00 70.00 99.00 OK
r-patched-linux-x86_64 0.3-0 37.76 36.63 74.39 OK
r-release-linux-x86_64 0.3-0 33.48 36.75 70.23 OK
r-release-macos-arm64 0.3-0 37.00 NOTE
r-release-macos-x86_64 0.3-0 73.00 NOTE
r-release-windows-x86_64 0.3-0 28.00 81.00 109.00 OK
r-oldrel-macos-arm64 0.3-0 38.00 NOTE
r-oldrel-windows-x86_64 0.3-0 34.00 78.00 112.00 OK

Check Details

Version: 0.3-0
Check: Rd cross-references
Result: NOTE Undeclared package ‘lme4’ in Rd xrefs Flavor: r-devel-linux-x86_64-fedora-clang

Version: 0.3-0
Check: installed package size
Result: NOTE installed size is 5.2Mb sub-directories of 1Mb or more: libs 4.4Mb Flavors: r-release-macos-arm64, r-release-macos-x86_64, r-oldrel-macos-arm64