Last updated on 2023-12-03 04:56:08 CET.
Flavor | Version | Tinstall | Tcheck | Ttotal | Status | Flags |
---|---|---|---|---|---|---|
r-devel-linux-x86_64-debian-clang | 1.28.3 | 13.15 | 75.86 | 89.01 | OK | |
r-devel-linux-x86_64-debian-gcc | 1.28.3 | 8.44 | 58.58 | 67.02 | OK | |
r-devel-linux-x86_64-fedora-clang | 1.28.3 | 108.06 | OK | |||
r-devel-linux-x86_64-fedora-gcc | 1.28.3 | 117.05 | OK | |||
r-devel-windows-x86_64 | 1.28.3 | 13.00 | 91.00 | 104.00 | OK | |
r-patched-linux-x86_64 | 1.28.3 | 10.62 | 74.02 | 84.64 | OK | |
r-release-linux-x86_64 | 1.28.3 | 10.47 | 73.32 | 83.79 | OK | |
r-release-macos-arm64 | 1.28.3 | 44.00 | OK | |||
r-release-macos-x86_64 | 1.28.3 | 60.00 | NOTE | |||
r-release-windows-x86_64 | 1.28.3 | 13.00 | 103.00 | 116.00 | OK | |
r-oldrel-macos-arm64 | 1.28.3 | 35.00 | OK | |||
r-oldrel-macos-x86_64 | 1.28.3 | 62.00 | OK | |||
r-oldrel-windows-x86_64 | 1.28.3 | 18.00 | 107.00 | 125.00 | OK |
Version: 1.28.3
Check: package dependencies
Result: NOTE
Packages suggested but not available for checking:
'marray', 'affy', 'Biobase', 'limma'
Flavor: r-release-macos-x86_64
Version: 1.28.3
Check: Rd cross-references
Result: NOTE
Package unavailable to check Rd xrefs: ‘limma’
Flavor: r-release-macos-x86_64
Version: 1.28.3
Check: re-building of vignette outputs
Result: NOTE
Note: skipping ‘hexagon_binning.Rnw’ due to unavailable dependencies:
'marray'
Flavor: r-release-macos-x86_64