CRAN Package Check Results for Package hexSticker

Last updated on 2023-10-02 05:57:59 CEST.

Flavor Version Tinstall Tcheck Ttotal Status Flags
r-devel-linux-x86_64-debian-clang 0.4.9 6.62 60.61 67.23 NOTE
r-devel-linux-x86_64-debian-gcc 0.4.9 6.27 46.12 52.39 NOTE
r-devel-linux-x86_64-fedora-clang 0.4.9 89.75 NOTE
r-devel-linux-x86_64-fedora-gcc 0.4.9 84.43 NOTE
r-devel-windows-x86_64 0.4.9 8.00 64.00 72.00 NOTE
r-patched-linux-x86_64 0.4.9 6.15 54.52 60.67 NOTE
r-release-linux-x86_64 0.4.9 6.33 56.02 62.35 NOTE
r-release-macos-arm64 0.4.9 28.00 NOTE
r-release-macos-x86_64 0.4.9 43.00 NOTE
r-release-windows-x86_64 0.4.9 11.00 71.00 82.00 NOTE
r-oldrel-macos-arm64 0.4.9 29.00 NOTE
r-oldrel-macos-x86_64 0.4.9 49.00 NOTE
r-oldrel-windows-x86_64 0.4.9 11.00 74.00 85.00 NOTE

Check Details

Version: 0.4.9
Check: LazyData
Result: NOTE
     'LazyData' is specified without a 'data' directory
Flavors: r-devel-linux-x86_64-debian-clang, r-devel-linux-x86_64-debian-gcc, r-devel-linux-x86_64-fedora-clang, r-devel-linux-x86_64-fedora-gcc, r-devel-windows-x86_64, r-patched-linux-x86_64, r-release-linux-x86_64, r-release-macos-arm64, r-release-macos-x86_64, r-release-windows-x86_64, r-oldrel-macos-arm64, r-oldrel-macos-x86_64, r-oldrel-windows-x86_64