CRAN Package Check Results for Package heterogen

Last updated on 2024-02-26 04:49:29 CET.

Flavor Version Tinstall Tcheck Ttotal Status Flags
r-devel-linux-x86_64-debian-clang 1.2.33 105.11 223.03 328.14 OK
r-devel-linux-x86_64-debian-gcc 1.2.33 78.73 164.70 243.43 OK
r-devel-linux-x86_64-fedora-clang 1.2.33 425.23 OK
r-devel-linux-x86_64-fedora-gcc 1.2.33 404.29 OK
r-devel-windows-x86_64 1.2.33 79.00 160.00 239.00 OK
r-patched-linux-x86_64 1.2.33 76.58 214.65 291.23 OK
r-release-linux-x86_64 1.2.33 73.00 211.29 284.29 OK
r-release-macos-arm64 1.2.33 96.00 NOTE
r-release-macos-x86_64 1.2.33 213.00 NOTE
r-release-windows-x86_64 1.2.33 103.00 213.00 316.00 OK
r-oldrel-macos-arm64 1.2.33 94.00 NOTE
r-oldrel-windows-x86_64 1.2.33 100.00 206.00 306.00 OK

Check Details

Version: 1.2.33
Check: installed package size
Result: NOTE installed size is 5.2Mb sub-directories of 1Mb or more: extdata 2.6Mb libs 2.4Mb Flavors: r-release-macos-arm64, r-release-macos-x86_64, r-oldrel-macos-arm64