Last updated on 2023-11-29 04:57:23 CET.
Flavor | Version | Tinstall | Tcheck | Ttotal | Status | Flags |
---|---|---|---|---|---|---|
r-devel-linux-x86_64-debian-clang | 1.1.2 | 3.55 | 35.52 | 39.07 | NOTE | |
r-devel-linux-x86_64-debian-gcc | 1.1.2 | 2.86 | 27.50 | 30.36 | NOTE | |
r-devel-linux-x86_64-fedora-clang | 1.1.2 | 48.69 | OK | |||
r-devel-linux-x86_64-fedora-gcc | 1.1.2 | 46.34 | OK | |||
r-devel-windows-x86_64 | 1.1.2 | 4.00 | 57.00 | 61.00 | OK | |
r-patched-linux-x86_64 | 1.1.2 | 3.33 | 34.03 | 37.36 | OK | |
r-release-linux-x86_64 | 1.1.2 | 3.72 | 34.95 | 38.67 | OK | |
r-release-macos-arm64 | 1.1.2 | 21.00 | OK | |||
r-release-macos-x86_64 | 1.1.2 | 28.00 | OK | |||
r-release-windows-x86_64 | 1.1.2 | 5.00 | 56.00 | 61.00 | OK | |
r-oldrel-macos-arm64 | 1.1.2 | 21.00 | OK | |||
r-oldrel-macos-x86_64 | 1.1.2 | 26.00 | OK | |||
r-oldrel-windows-x86_64 | 1.1.2 | 5.00 | 52.00 | 57.00 | OK |
Version: 1.1.2
Check: Rd files
Result: NOTE
checkRd: (-1) glm.hermite.Rd:46-48: Lost braces in \itemize; \value handles \item{}{} directly
checkRd: (-1) glm.hermite.Rd:49-51: Lost braces in \itemize; \value handles \item{}{} directly
checkRd: (-1) glm.hermite.Rd:52-54: Lost braces in \itemize; \value handles \item{}{} directly
checkRd: (-1) glm.hermite.Rd:55-58: Lost braces in \itemize; \value handles \item{}{} directly
checkRd: (-1) glm.hermite.Rd:59-60: Lost braces in \itemize; \value handles \item{}{} directly
checkRd: (-1) glm.hermite.Rd:61-65: Lost braces in \itemize; \value handles \item{}{} directly
checkRd: (-1) glm.hermite.Rd:66-67: Lost braces in \itemize; \value handles \item{}{} directly
checkRd: (-1) glm.hermite.Rd:68-69: Lost braces in \itemize; \value handles \item{}{} directly
checkRd: (-1) phermite.Rd:38: Lost braces; missing escapes or markup?
38 | {b} and \code{m} to be lower (or greater) than \code{q}.
| ^
Flavors: r-devel-linux-x86_64-debian-clang, r-devel-linux-x86_64-debian-gcc