Last updated on 2023-12-07 04:56:25 CET.
Flavor | Version | Tinstall | Tcheck | Ttotal | Status | Flags |
---|---|---|---|---|---|---|
r-devel-linux-x86_64-debian-clang | 0.4.6 | 36.50 | 291.92 | 328.42 | NOTE | |
r-devel-linux-x86_64-debian-gcc | 0.4.6 | 24.96 | 196.03 | 220.99 | NOTE | |
r-devel-linux-x86_64-fedora-clang | 0.4.6 | 360.17 | NOTE | |||
r-devel-linux-x86_64-fedora-gcc | 0.4.6 | 347.36 | NOTE | |||
r-devel-windows-x86_64 | 0.4.6 | 31.00 | 193.00 | 224.00 | NOTE | |
r-patched-linux-x86_64 | 0.4.6 | 35.28 | 235.44 | 270.72 | NOTE | |
r-release-linux-x86_64 | 0.4.6 | 32.80 | 234.85 | 267.65 | NOTE | |
r-release-macos-arm64 | 0.4.6 | 101.00 | NOTE | |||
r-release-macos-x86_64 | 0.4.6 | 160.00 | NOTE | |||
r-release-windows-x86_64 | 0.4.6 | 40.00 | 236.00 | 276.00 | NOTE | |
r-oldrel-macos-arm64 | 0.4.6 | 82.00 | OK | |||
r-oldrel-macos-x86_64 | 0.4.6 | 160.00 | OK | |||
r-oldrel-windows-x86_64 | 0.4.6 | 40.00 | 231.00 | 271.00 | OK |
Version: 0.4.6
Check: C++ specification
Result: NOTE
Specified C++11: please drop specification unless essential
Flavors: r-devel-linux-x86_64-debian-clang, r-devel-linux-x86_64-debian-gcc, r-devel-linux-x86_64-fedora-clang, r-devel-linux-x86_64-fedora-gcc, r-devel-windows-x86_64, r-patched-linux-x86_64, r-release-linux-x86_64, r-release-macos-arm64, r-release-macos-x86_64, r-release-windows-x86_64
Version: 0.4.6
Check: Rd files
Result: NOTE
checkRd: (-1) category.Rd:117-118: Lost braces in \enumerate; meant \describe ?
checkRd: (-1) category.Rd:119-120: Lost braces in \enumerate; meant \describe ?
checkRd: (-1) category.Rd:121: Lost braces in \enumerate; meant \describe ?
checkRd: (-1) category.Rd:122-123: Lost braces in \enumerate; meant \describe ?
Flavors: r-devel-linux-x86_64-debian-clang, r-devel-linux-x86_64-debian-gcc