Last updated on 2023-11-30 04:52:53 CET.
Flavor | Version | Tinstall | Tcheck | Ttotal | Status | Flags |
---|---|---|---|---|---|---|
r-devel-linux-x86_64-debian-clang | 1.0.4 | 14.16 | 93.37 | 107.53 | OK | |
r-devel-linux-x86_64-debian-gcc | 1.0.4 | 10.74 | 68.06 | 78.80 | OK | |
r-devel-linux-x86_64-fedora-clang | 1.0.4 | 128.83 | NOTE | |||
r-devel-linux-x86_64-fedora-gcc | 1.0.4 | 139.98 | NOTE | |||
r-devel-windows-x86_64 | 1.0.4 | 14.00 | 87.00 | 101.00 | OK | |
r-patched-linux-x86_64 | 1.0.4 | 13.06 | 85.84 | 98.90 | OK | |
r-release-linux-x86_64 | 1.0.4 | 10.79 | 85.46 | 96.25 | OK | |
r-release-macos-arm64 | 1.0.4 | 47.00 | OK | |||
r-release-macos-x86_64 | 1.0.4 | 89.00 | OK | |||
r-release-windows-x86_64 | 1.0.4 | 17.00 | 98.00 | 115.00 | OK | |
r-oldrel-macos-arm64 | 1.0.4 | 52.00 | OK | |||
r-oldrel-macos-x86_64 | 1.0.4 | 73.00 | OK | |||
r-oldrel-windows-x86_64 | 1.0.4 | 18.00 | 131.00 | 149.00 | OK |
Version: 1.0.4
Check: dependencies in R code
Result: NOTE
Namespaces in Imports field not imported from:
‘TidyDensity’ ‘healthyR’ ‘healthyR.ai’ ‘healthyR.data’ ‘healthyR.ts’
‘tidyAML’
All declared Imports should be used.
Flavors: r-devel-linux-x86_64-fedora-clang, r-devel-linux-x86_64-fedora-gcc