Last updated on 2023-09-21 05:54:57 CEST.
Flavor | Version | Tinstall | Tcheck | Ttotal | Status | Flags |
---|---|---|---|---|---|---|
r-devel-linux-x86_64-debian-clang | 0.2.10 | 24.49 | 255.67 | 280.16 | OK | |
r-devel-linux-x86_64-debian-gcc | 0.2.10 | 16.10 | 180.86 | 196.96 | OK | |
r-devel-linux-x86_64-fedora-clang | 0.2.10 | 329.19 | NOTE | |||
r-devel-linux-x86_64-fedora-gcc | 0.2.10 | 336.59 | OK | |||
r-devel-windows-x86_64 | 0.2.10 | 20.00 | 207.00 | 227.00 | NOTE | |
r-patched-linux-x86_64 | 0.2.10 | 16.68 | 244.19 | 260.87 | OK | |
r-release-linux-x86_64 | 0.2.10 | 21.03 | 233.33 | 254.36 | OK | |
r-release-macos-arm64 | 0.2.10 | 97.00 | NOTE | |||
r-release-macos-x86_64 | 0.2.10 | 198.00 | NOTE | |||
r-release-windows-x86_64 | 0.2.10 | 27.00 | 269.00 | 296.00 | NOTE | |
r-oldrel-macos-arm64 | 0.2.10 | 90.00 | NOTE | |||
r-oldrel-macos-x86_64 | 0.2.10 | 117.00 | NOTE | |||
r-oldrel-windows-x86_64 | 0.2.10 | 28.00 | 251.00 | 279.00 | NOTE |
Version: 0.2.10
Check: installed package size
Result: NOTE
installed size is 6.1Mb
sub-directories of 1Mb or more:
doc 5.2Mb
Flavors: r-devel-linux-x86_64-fedora-clang, r-devel-windows-x86_64, r-release-macos-arm64, r-release-macos-x86_64, r-release-windows-x86_64, r-oldrel-macos-arm64, r-oldrel-macos-x86_64, r-oldrel-windows-x86_64