Last updated on 2023-12-03 04:56:08 CET.
Flavor | Version | Tinstall | Tcheck | Ttotal | Status | Flags |
---|---|---|---|---|---|---|
r-devel-linux-x86_64-debian-clang | 0.2.1 | 13.27 | 112.35 | 125.62 | OK | |
r-devel-linux-x86_64-debian-gcc | 0.2.1 | 7.42 | 83.68 | 91.10 | OK | |
r-devel-linux-x86_64-fedora-clang | 0.2.1 | 150.40 | NOTE | |||
r-devel-linux-x86_64-fedora-gcc | 0.2.1 | 154.16 | OK | |||
r-devel-windows-x86_64 | 0.2.1 | 12.00 | 103.00 | 115.00 | NOTE | |
r-patched-linux-x86_64 | 0.2.1 | 7.63 | 105.11 | 112.74 | OK | |
r-release-linux-x86_64 | 0.2.1 | 7.71 | 106.57 | 114.28 | OK | |
r-release-macos-arm64 | 0.2.1 | 52.00 | NOTE | |||
r-release-macos-x86_64 | 0.2.1 | 98.00 | NOTE | |||
r-release-windows-x86_64 | 0.2.1 | 15.00 | 129.00 | 144.00 | NOTE | |
r-oldrel-macos-arm64 | 0.2.1 | 50.00 | NOTE | |||
r-oldrel-macos-x86_64 | 0.2.1 | 69.00 | NOTE | |||
r-oldrel-windows-x86_64 | 0.2.1 | 16.00 | 129.00 | 145.00 | NOTE |
Version: 0.2.1
Check: installed package size
Result: NOTE
installed size is 5.5Mb
sub-directories of 1Mb or more:
data 1.4Mb
doc 3.8Mb
Flavors: r-devel-linux-x86_64-fedora-clang, r-devel-windows-x86_64, r-release-macos-arm64, r-release-macos-x86_64, r-release-windows-x86_64, r-oldrel-macos-arm64, r-oldrel-macos-x86_64, r-oldrel-windows-x86_64