Last updated on 2023-12-06 04:55:53 CET.
Flavor | Version | Tinstall | Tcheck | Ttotal | Status | Flags |
---|---|---|---|---|---|---|
r-devel-linux-x86_64-debian-clang | 6.0.2 | 23.44 | 212.75 | 236.19 | NOTE | |
r-devel-linux-x86_64-debian-gcc | 6.0.2 | 14.20 | 154.23 | 168.43 | NOTE | |
r-devel-linux-x86_64-fedora-clang | 6.0.2 | 286.94 | OK | |||
r-devel-linux-x86_64-fedora-gcc | 6.0.2 | 283.60 | OK | |||
r-devel-windows-x86_64 | 6.0.2 | 21.00 | 179.00 | 200.00 | OK | |
r-patched-linux-x86_64 | 6.0.2 | 19.07 | 199.95 | 219.02 | OK | |
r-release-linux-x86_64 | 6.0.2 | 22.13 | 200.11 | 222.24 | OK | |
r-release-macos-arm64 | 6.0.2 | 98.00 | OK | |||
r-release-macos-x86_64 | 6.0.2 | 186.00 | OK | |||
r-release-windows-x86_64 | 6.0.2 | 29.00 | 224.00 | 253.00 | OK | |
r-oldrel-macos-arm64 | 6.0.2 | 93.00 | OK | |||
r-oldrel-macos-x86_64 | 6.0.2 | 108.00 | OK | |||
r-oldrel-windows-x86_64 | 6.0.2 | 28.00 | 221.00 | 249.00 | OK |
Version: 6.0.2
Check: Rd files
Result: NOTE
checkRd: (-1) fit_aenet.Rd:34: Lost braces; missing escapes or markup?
34 | default is {FALSE}. To enable parallel tuning, load the
| ^
checkRd: (-1) fit_enet.Rd:33: Lost braces; missing escapes or markup?
33 | default is {FALSE}. To enable parallel tuning, load the
| ^
checkRd: (-1) fit_flasso.Rd:46: Lost braces; missing escapes or markup?
46 | default is {FALSE}. To enable parallel tuning, load the
| ^
checkRd: (-1) fit_mcp.Rd:38: Lost braces; missing escapes or markup?
38 | default is {FALSE}. To enable parallel tuning, load the
| ^
checkRd: (-1) fit_mnet.Rd:41: Lost braces; missing escapes or markup?
41 | default is {FALSE}. To enable parallel tuning, load the
| ^
checkRd: (-1) fit_scad.Rd:38: Lost braces; missing escapes or markup?
38 | default is {FALSE}. To enable parallel tuning, load the
| ^
checkRd: (-1) fit_snet.Rd:41: Lost braces; missing escapes or markup?
41 | default is {FALSE}. To enable parallel tuning, load the
| ^
Flavors: r-devel-linux-x86_64-debian-clang, r-devel-linux-x86_64-debian-gcc