CRAN Package Check Results for Package hdm

Last updated on 2023-12-04 05:09:07 CET.

Flavor Version Tinstall Tcheck Ttotal Status Flags
r-devel-linux-x86_64-debian-clang 0.3.1 7.83 273.78 281.61 NOTE
r-devel-linux-x86_64-debian-gcc 0.3.1 5.55 188.74 194.29 NOTE
r-devel-linux-x86_64-fedora-clang 0.3.1 329.50 OK
r-devel-linux-x86_64-fedora-gcc 0.3.1 343.23 OK
r-devel-windows-x86_64 0.3.1 8.00 240.00 248.00 OK
r-patched-linux-x86_64 0.3.1 5.83 261.26 267.09 OK
r-release-linux-x86_64 0.3.1 6.89 260.25 267.14 OK
r-release-macos-arm64 0.3.1 129.00 OK
r-release-macos-x86_64 0.3.1 209.00 OK
r-release-windows-x86_64 0.3.1 10.00 264.00 274.00 OK
r-oldrel-macos-arm64 0.3.1 110.00 OK
r-oldrel-macos-x86_64 0.3.1 214.00 OK
r-oldrel-windows-x86_64 0.3.1 10.00 262.00 272.00 OK

Check Details

Version: 0.3.1
Check: Rd files
Result: NOTE checkRd: (-1) lambdaCalculation.Rd:13: Lost braces in \itemize; meant \describe ? checkRd: (-1) lambdaCalculation.Rd:14: Lost braces in \itemize; meant \describe ? checkRd: (-1) lambdaCalculation.Rd:15: Lost braces in \itemize; meant \describe ? checkRd: (-1) lambdaCalculation.Rd:16: Lost braces in \itemize; meant \describe ? checkRd: (-1) lambdaCalculation.Rd:17: Lost braces in \itemize; meant \describe ? checkRd: (-1) rlasso.Rd:51: Lost braces in \itemize; meant \describe ? checkRd: (-1) rlasso.Rd:52: Lost braces in \itemize; meant \describe ? checkRd: (-1) rlasso.Rd:53: Lost braces in \itemize; meant \describe ? checkRd: (-1) rlasso.Rd:54: Lost braces in \itemize; meant \describe ? checkRd: (-1) rlasso.Rd:55: Lost braces in \itemize; meant \describe ? Flavors: r-devel-linux-x86_64-debian-clang, r-devel-linux-x86_64-debian-gcc