CRAN Package Check Results for Package hdcate

Last updated on 2024-06-13 05:59:07 CEST.

Flavor Version Tinstall Tcheck Ttotal Status Flags
r-devel-linux-x86_64-debian-clang 0.1.0 18.39 239.60 257.99 OK
r-devel-linux-x86_64-debian-gcc 0.1.0 0.35 1.86 2.21 ERROR
r-devel-linux-x86_64-fedora-clang 0.1.0 333.18 OK
r-devel-linux-x86_64-fedora-gcc 0.1.0 339.20 OK
r-devel-windows-x86_64 0.1.0 15.00 207.00 222.00 OK
r-patched-linux-x86_64 0.1.0 10.84 236.86 247.70 OK
r-release-linux-x86_64 0.1.0 11.35 234.69 246.04 OK
r-release-macos-arm64 0.1.0 96.00 OK
r-release-macos-x86_64 0.1.0 154.00 OK
r-release-windows-x86_64 0.1.0 15.00 208.00 223.00 OK
r-oldrel-macos-arm64 0.1.0 100.00 OK
r-oldrel-macos-x86_64 0.1.0 172.00 OK
r-oldrel-windows-x86_64 0.1.0 19.00 246.00 265.00 OK

Check Details

Version: 0.1.0
Check: package dependencies
Result: ERROR Packages required but not available: 'hdm', 'caret' Packages suggested but not available for checking: 'dplyr', 'ggplot2', 'ggthemes' See section ‘The DESCRIPTION file’ in the ‘Writing R Extensions’ manual. Flavor: r-devel-linux-x86_64-debian-gcc