CRAN Package Check Results for Package hbsae

Last updated on 2024-06-14 05:58:25 CEST.

Flavor Version Tinstall Tcheck Ttotal Status Flags
r-devel-linux-x86_64-debian-clang 1.2 7.69 81.73 89.42 OK
r-devel-linux-x86_64-debian-gcc 1.2 8.14 57.90 66.04 ERROR
r-devel-linux-x86_64-fedora-clang 1.2 112.13 OK
r-devel-linux-x86_64-fedora-gcc 1.2 106.45 OK
r-devel-windows-x86_64 1.2 8.00 74.00 82.00 OK
r-patched-linux-x86_64 1.2 8.04 77.09 85.13 OK
r-release-linux-x86_64 1.2 9.90 78.17 88.07 OK
r-release-macos-arm64 1.2 32.00 OK
r-release-macos-x86_64 1.2 56.00 OK
r-release-windows-x86_64 1.2 8.00 78.00 86.00 OK
r-oldrel-macos-arm64 1.2 41.00 OK
r-oldrel-macos-x86_64 1.2 65.00 OK
r-oldrel-windows-x86_64 1.2 8.00 88.00 96.00 OK

Check Details

Version: 1.2
Check: package dependencies
Result: NOTE Packages suggested but not available for checking: 'mcmcsae', 'testthat' Flavor: r-devel-linux-x86_64-debian-gcc

Version: 1.2
Check: tests
Result: ERROR Running ‘testthat.R’ [0s/1s] Running the tests in ‘tests/testthat.R’ failed. Complete output: > library(testthat) Error in library(testthat) : there is no package called 'testthat' Execution halted Flavor: r-devel-linux-x86_64-debian-gcc