Last updated on 2023-11-30 04:52:53 CET.
Flavor | Version | Tinstall | Tcheck | Ttotal | Status | Flags |
---|---|---|---|---|---|---|
r-devel-linux-x86_64-debian-clang | 1.2.0 | 1617.66 | 204.23 | 1821.89 | NOTE | |
r-devel-linux-x86_64-debian-gcc | 1.2.0 | 1207.80 | 214.99 | 1422.79 | NOTE | |
r-devel-linux-x86_64-fedora-clang | 1.2.0 | 2185.99 | NOTE | |||
r-devel-linux-x86_64-fedora-gcc | 1.2.0 | 2527.32 | NOTE | |||
r-devel-windows-x86_64 | 1.2.0 | 988.00 | 238.00 | 1226.00 | NOTE | |
r-patched-linux-x86_64 | 1.2.0 | 1104.05 | 275.73 | 1379.78 | NOTE | |
r-release-linux-x86_64 | 1.2.0 | 0.01 | 2.50 | 2.51 | ERROR | |
r-release-macos-arm64 | 1.2.0 | 661.00 | NOTE | |||
r-release-macos-x86_64 | 1.2.0 | 575.00 | NOTE | |||
r-release-windows-x86_64 | 1.2.0 | 1362.00 | 311.00 | 1673.00 | NOTE | |
r-oldrel-macos-arm64 | 1.2.0 | 554.00 | NOTE | |||
r-oldrel-macos-x86_64 | 1.2.0 | 870.00 | NOTE | |||
r-oldrel-windows-x86_64 | 1.2.0 | 1276.00 | 280.00 | 1556.00 | NOTE |
Version: 1.2.0
Check: for GNU extensions in Makefiles
Result: NOTE
GNU make is a SystemRequirements.
Flavors: r-devel-linux-x86_64-debian-clang, r-devel-linux-x86_64-debian-gcc, r-devel-linux-x86_64-fedora-clang, r-devel-linux-x86_64-fedora-gcc, r-devel-windows-x86_64, r-patched-linux-x86_64, r-release-macos-arm64, r-release-macos-x86_64, r-release-windows-x86_64, r-oldrel-macos-arm64, r-oldrel-macos-x86_64, r-oldrel-windows-x86_64
Version: 1.2.0
Check: installed package size
Result: NOTE
installed size is 15.3Mb
sub-directories of 1Mb or more:
libs 13.6Mb
Flavors: r-devel-linux-x86_64-fedora-clang, r-devel-windows-x86_64, r-release-macos-arm64, r-release-macos-x86_64, r-release-windows-x86_64, r-oldrel-macos-arm64, r-oldrel-macos-x86_64, r-oldrel-windows-x86_64
Version: 1.2.0
Check: whether package can be installed
Result: ERROR
Installation failed.
Flavor: r-release-linux-x86_64