CRAN Package Check Results for Package hawkes

Last updated on 2024-03-04 04:51:31 CET.

Flavor Version Tinstall Tcheck Ttotal Status Flags
r-devel-linux-x86_64-debian-clang 0.0-4 39.65 27.21 66.86 OK
r-devel-linux-x86_64-debian-gcc 0.0-4 28.05 20.76 48.81 OK
r-devel-linux-x86_64-fedora-clang 0.0-4 91.95 NOTE
r-devel-linux-x86_64-fedora-gcc 0.0-4 97.12 NOTE
r-devel-windows-x86_64 0.0-4 33.00 65.00 98.00 OK
r-patched-linux-x86_64 0.0-4 40.50 26.52 67.02 OK
r-release-linux-x86_64 0.0-4 34.41 26.40 60.81 OK
r-release-macos-arm64 0.0-4 29.00 OK
r-release-macos-x86_64 0.0-4 44.00 OK
r-release-windows-x86_64 0.0-4 33.00 73.00 106.00 OK
r-oldrel-macos-arm64 0.0-4 26.00 OK
r-oldrel-windows-x86_64 0.0-4 37.00 68.00 105.00 OK

Check Details

Version: 0.0-4
Check: compiled code
Result: NOTE File ‘hawkes/libs/hawkes.so’: Found no calls to: ‘R_registerRoutines’, ‘R_useDynamicSymbols’ It is good practice to register native routines and to disable symbol search. See ‘Writing portable packages’ in the ‘Writing R Extensions’ manual. Flavors: r-devel-linux-x86_64-fedora-clang, r-devel-linux-x86_64-fedora-gcc