Last updated on 2023-12-11 04:51:07 CET.
Flavor | Version | Tinstall | Tcheck | Ttotal | Status | Flags |
---|---|---|---|---|---|---|
r-devel-linux-x86_64-debian-clang | 1.3.0 | 8.99 | 136.29 | 145.28 | NOTE | |
r-devel-linux-x86_64-debian-gcc | 1.3.0 | 6.69 | 99.46 | 106.15 | NOTE | |
r-devel-linux-x86_64-fedora-clang | 1.3.0 | 170.46 | NOTE | |||
r-devel-linux-x86_64-fedora-gcc | 1.3.0 | 175.58 | NOTE | |||
r-devel-windows-x86_64 | 1.3.0 | 8.00 | 129.00 | 137.00 | NOTE | |
r-patched-linux-x86_64 | 1.3.0 | 10.04 | 130.77 | 140.81 | OK | |
r-release-linux-x86_64 | 1.3.0 | 7.10 | 127.97 | 135.07 | OK | |
r-release-macos-arm64 | 1.3.0 | 65.00 | OK | |||
r-release-macos-x86_64 | 1.3.0 | 100.00 | OK | |||
r-release-windows-x86_64 | 1.3.0 | 11.00 | 153.00 | 164.00 | OK | |
r-oldrel-macos-arm64 | 1.3.0 | 46.00 | OK | |||
r-oldrel-macos-x86_64 | 1.3.0 | 70.00 | OK | |||
r-oldrel-windows-x86_64 | 1.3.0 | 10.00 | 153.00 | 163.00 | OK |
Version: 1.3.0
Check: Rd metadata
Result: NOTE
Invalid package aliases in Rd file 'modeling-package.Rd':
‘modeling-package’
Flavors: r-devel-linux-x86_64-debian-clang, r-devel-linux-x86_64-debian-gcc, r-devel-linux-x86_64-fedora-clang, r-devel-linux-x86_64-fedora-gcc, r-devel-windows-x86_64