CRAN Package Check Results for Package hansard

Last updated on 2023-11-30 04:52:53 CET.

Flavor Version Tinstall Tcheck Ttotal Status Flags
r-devel-linux-x86_64-debian-clang 0.8.0 12.28 126.39 138.67 OK
r-devel-linux-x86_64-debian-gcc 0.8.0 9.48 91.02 100.50 OK
r-devel-linux-x86_64-fedora-clang 0.8.0 170.59 NOTE
r-devel-linux-x86_64-fedora-gcc 0.8.0 170.12 OK
r-devel-windows-x86_64 0.8.0 11.00 113.00 124.00 OK
r-patched-linux-x86_64 0.8.0 8.08 116.07 124.15 OK
r-release-linux-x86_64 0.8.0 6.88 114.70 121.58 OK
r-release-macos-arm64 0.8.0 52.00 OK
r-release-macos-x86_64 0.8.0 90.00 OK
r-release-windows-x86_64 0.8.0 13.00 130.00 143.00 OK
r-oldrel-macos-arm64 0.8.0 44.00 OK
r-oldrel-macos-x86_64 0.8.0 90.00 OK
r-oldrel-windows-x86_64 0.8.0 14.00 126.00 140.00 OK

Check Details

Version: 0.8.0
Check: Rd cross-references
Result: NOTE Undeclared package ‘mnis’ in Rd xrefs Flavor: r-devel-linux-x86_64-fedora-clang