CRAN Package Check Results for Package hahmmr

Last updated on 2024-04-23 05:58:13 CEST.

Flavor Version Tinstall Tcheck Ttotal Status Flags
r-devel-linux-x86_64-debian-clang 1.0.0 0.89 1.97 2.86 ERROR
r-devel-linux-x86_64-debian-gcc 1.0.0 66.63 70.15 136.78 OK
r-devel-linux-x86_64-fedora-clang 1.0.0 257.43 OK
r-devel-linux-x86_64-fedora-gcc 1.0.0 243.08 OK
r-prerel-macos-arm64 1.0.0 59.00 NOTE
r-prerel-macos-x86_64 1.0.0 90.00 NOTE
r-prerel-windows-x86_64 1.0.0 71.00 117.00 188.00 OK
r-patched-linux-x86_64 1.0.0 81.43 90.18 171.61 OK
r-release-linux-x86_64 1.0.0 77.81 90.09 167.90 OK
r-release-macos-arm64 1.0.0 67.00 NOTE
r-release-macos-x86_64 1.0.0 100.00 NOTE
r-release-windows-x86_64 1.0.0 90.00 137.00 227.00 OK
r-oldrel-macos-arm64 1.0.0 69.00 NOTE
r-oldrel-windows-x86_64 1.0.0 88.00 127.00 215.00 OK

Check Details

Version: 1.0.0
Check: package dependencies
Result: ERROR Package required but not available: ‘GenomicRanges’ See section ‘The DESCRIPTION file’ in the ‘Writing R Extensions’ manual. Flavor: r-devel-linux-x86_64-debian-clang

Version: 1.0.0
Check: installed package size
Result: NOTE installed size is 5.8Mb sub-directories of 1Mb or more: data 3.0Mb libs 2.5Mb Flavors: r-prerel-macos-arm64, r-prerel-macos-x86_64, r-release-macos-arm64, r-release-macos-x86_64, r-oldrel-macos-arm64