Last updated on 2023-11-29 04:57:23 CET.
Flavor | Version | Tinstall | Tcheck | Ttotal | Status | Flags |
---|---|---|---|---|---|---|
r-devel-linux-x86_64-debian-clang | 0.1.0 | 2.37 | 40.17 | 42.54 | NOTE | |
r-devel-linux-x86_64-debian-gcc | 0.1.0 | 2.22 | 28.89 | 31.11 | NOTE | |
r-devel-linux-x86_64-fedora-clang | 0.1.0 | 49.46 | NOTE | |||
r-devel-linux-x86_64-fedora-gcc | 0.1.0 | 58.93 | NOTE | |||
r-devel-windows-x86_64 | 0.1.0 | 4.00 | 122.00 | 126.00 | NOTE | |
r-patched-linux-x86_64 | 0.1.0 | 3.40 | 45.92 | 49.32 | NOTE | |
r-release-linux-x86_64 | 0.1.0 | 2.73 | 35.61 | 38.34 | NOTE | |
r-release-macos-arm64 | 0.1.0 | 41.00 | NOTE | |||
r-release-macos-x86_64 | 0.1.0 | 58.00 | NOTE | |||
r-release-windows-x86_64 | 0.1.0 | 4.00 | 85.00 | 89.00 | NOTE | |
r-oldrel-macos-arm64 | 0.1.0 | 38.00 | NOTE | |||
r-oldrel-macos-x86_64 | 0.1.0 | 161.00 | NOTE | |||
r-oldrel-windows-x86_64 | 0.1.0 | 4.00 | 108.00 | 112.00 | NOTE |
Version: 0.1.0
Check: LazyData
Result: NOTE
'LazyData' is specified without a 'data' directory
Flavors: r-devel-linux-x86_64-debian-clang, r-devel-linux-x86_64-debian-gcc, r-devel-linux-x86_64-fedora-clang, r-devel-linux-x86_64-fedora-gcc, r-devel-windows-x86_64, r-patched-linux-x86_64, r-release-linux-x86_64, r-release-macos-arm64, r-release-macos-x86_64, r-release-windows-x86_64, r-oldrel-macos-arm64, r-oldrel-macos-x86_64, r-oldrel-windows-x86_64