Last updated on 2023-12-03 04:56:08 CET.
Flavor | Version | Tinstall | Tcheck | Ttotal | Status | Flags |
---|---|---|---|---|---|---|
r-devel-linux-x86_64-debian-clang | 1.7.2 | 20.47 | 252.42 | 272.89 | NOTE | |
r-devel-linux-x86_64-debian-gcc | 1.7.2 | 17.26 | 188.35 | 205.61 | NOTE | |
r-devel-linux-x86_64-fedora-clang | 1.7.2 | 337.51 | OK | |||
r-devel-linux-x86_64-fedora-gcc | 1.7.2 | 353.61 | OK | |||
r-devel-windows-x86_64 | 1.7.2 | 20.00 | 213.00 | 233.00 | OK | |
r-patched-linux-x86_64 | 1.7.2 | 18.06 | 239.38 | 257.44 | OK | |
r-release-linux-x86_64 | 1.7.2 | 14.16 | 237.27 | 251.43 | OK | |
r-release-macos-arm64 | 1.7.2 | 87.00 | OK | |||
r-release-macos-x86_64 | 1.7.2 | 197.00 | OK | |||
r-release-windows-x86_64 | 1.7.2 | 27.00 | 267.00 | 294.00 | OK | |
r-oldrel-macos-arm64 | 1.7.2 | 82.00 | OK | |||
r-oldrel-macos-x86_64 | 1.7.2 | 114.00 | OK | |||
r-oldrel-windows-x86_64 | 1.7.2 | 26.00 | 243.00 | 269.00 | OK |
Version: 1.7.2
Check: Rd files
Result: NOTE
checkRd: (-1) as_flex_table.Rd:24: Lost braces; missing escapes or markup?
24 | A {flextable} object
| ^
checkRd: (-1) as_hux_table.Rd:37: Lost braces; missing escapes or markup?
37 | A {huxtable} object
| ^
checkRd: (-1) as_kable_extra.Rd:42: Lost braces; missing escapes or markup?
42 | and {kableExtra}; \code{as_kable_extra()} supports arguments in \code{knitr::kable()}.
| ^
checkRd: (-1) as_kable_extra.Rd:37: Lost braces; missing escapes or markup?
37 | A {kableExtra} table
| ^
checkRd: (-1) select_helpers.Rd:53: Lost braces; missing escapes or markup?
53 | Set of functions to supplement the {tidyselect} set of
| ^
checkRd: (-1) tbl_summary.Rd:91: Lost braces; missing escapes or markup?
91 | from the \\{tidyselect\\} package and \\{gtsummary\\} package are available to
| ^
checkRd: (-1) tbl_summary.Rd:91: Lost braces; missing escapes or markup?
91 | from the \\{tidyselect\\} package and \\{gtsummary\\} package are available to
| ^
checkRd: (-1) tbl_svysummary.Rd:183: Lost braces; missing escapes or markup?
183 | from the \\{tidyselect\\} package and \\{gtsummary\\} package are available to
| ^
checkRd: (-1) tbl_svysummary.Rd:183: Lost braces; missing escapes or markup?
183 | from the \\{tidyselect\\} package and \\{gtsummary\\} package are available to
| ^
Flavors: r-devel-linux-x86_64-debian-clang, r-devel-linux-x86_64-debian-gcc