CRAN Package Check Results for Package gtsummary

Last updated on 2024-06-14 05:58:25 CEST.

Flavor Version Tinstall Tcheck Ttotal Status Flags
r-devel-linux-x86_64-debian-clang 1.7.2 22.38 244.27 266.65 NOTE
r-devel-linux-x86_64-debian-gcc 1.7.2 0.72 1.90 2.62 ERROR
r-devel-linux-x86_64-fedora-clang 1.7.2 332.57 NOTE
r-devel-linux-x86_64-fedora-gcc 1.7.2 329.76 NOTE
r-devel-windows-x86_64 1.7.2 19.00 211.00 230.00 NOTE
r-patched-linux-x86_64 1.7.2 24.32 236.61 260.93 NOTE
r-release-linux-x86_64 1.7.2 19.92 230.45 250.37 NOTE
r-release-macos-arm64 1.7.2 94.00 NOTE
r-release-macos-x86_64 1.7.2 142.00 NOTE
r-release-windows-x86_64 1.7.2 19.00 208.00 227.00 NOTE
r-oldrel-macos-arm64 1.7.2 87.00 OK
r-oldrel-macos-x86_64 1.7.2 197.00 OK
r-oldrel-windows-x86_64 1.7.2 26.00 258.00 284.00 OK

Check Details

Version: 1.7.2
Check: Rd files
Result: NOTE checkRd: (-1) as_flex_table.Rd:24: Lost braces; missing escapes or markup? 24 | A {flextable} object | ^ checkRd: (-1) as_hux_table.Rd:37: Lost braces; missing escapes or markup? 37 | A {huxtable} object | ^ checkRd: (-1) as_kable_extra.Rd:42: Lost braces; missing escapes or markup? 42 | and {kableExtra}; \code{as_kable_extra()} supports arguments in \code{knitr::kable()}. | ^ checkRd: (-1) as_kable_extra.Rd:37: Lost braces; missing escapes or markup? 37 | A {kableExtra} table | ^ checkRd: (-1) select_helpers.Rd:53: Lost braces; missing escapes or markup? 53 | Set of functions to supplement the {tidyselect} set of | ^ checkRd: (-1) tbl_summary.Rd:91: Lost braces; missing escapes or markup? 91 | from the \\{tidyselect\\} package and \\{gtsummary\\} package are available to | ^ checkRd: (-1) tbl_summary.Rd:91: Lost braces; missing escapes or markup? 91 | from the \\{tidyselect\\} package and \\{gtsummary\\} package are available to | ^ checkRd: (-1) tbl_svysummary.Rd:183: Lost braces; missing escapes or markup? 183 | from the \\{tidyselect\\} package and \\{gtsummary\\} package are available to | ^ checkRd: (-1) tbl_svysummary.Rd:183: Lost braces; missing escapes or markup? 183 | from the \\{tidyselect\\} package and \\{gtsummary\\} package are available to | ^ Flavors: r-devel-linux-x86_64-debian-clang, r-devel-linux-x86_64-fedora-clang, r-devel-linux-x86_64-fedora-gcc, r-devel-windows-x86_64, r-patched-linux-x86_64, r-release-linux-x86_64, r-release-macos-arm64, r-release-macos-x86_64, r-release-windows-x86_64

Version: 1.7.2
Check: package dependencies
Result: ERROR Packages required but not available: 'broom', 'broom.helpers', 'dplyr', 'forcats', 'gt', 'purrr', 'stringr', 'tibble', 'tidyr', 'vctrs' Packages suggested but not available for checking: 'broom.mixed', 'car', 'geepack', 'ggstats', 'Hmisc', 'huxtable', 'kableExtra', 'lme4', 'mice', 'parsnip', 'testthat', 'tidycmprsk', 'workflows' See section ‘The DESCRIPTION file’ in the ‘Writing R Extensions’ manual. Flavor: r-devel-linux-x86_64-debian-gcc