Last updated on 2023-12-03 04:56:08 CET.
Flavor | Version | Tinstall | Tcheck | Ttotal | Status | Flags |
---|---|---|---|---|---|---|
r-devel-linux-x86_64-debian-clang | 1.2.1 | 64.69 | 127.62 | 192.31 | NOTE | |
r-devel-linux-x86_64-debian-gcc | 1.2.1 | 45.37 | 92.57 | 137.94 | NOTE | |
r-devel-linux-x86_64-fedora-clang | 1.2.1 | 242.51 | NOTE | |||
r-devel-linux-x86_64-fedora-gcc | 1.2.1 | 239.89 | NOTE | |||
r-devel-windows-x86_64 | 1.2.1 | 49.00 | 123.00 | 172.00 | NOTE | |
r-patched-linux-x86_64 | 1.2.1 | 41.82 | 117.01 | 158.83 | NOTE | |
r-release-linux-x86_64 | 1.2.1 | 44.60 | 117.28 | 161.88 | NOTE | |
r-release-macos-arm64 | 1.2.1 | 68.00 | NOTE | |||
r-release-macos-x86_64 | 1.2.1 | 111.00 | NOTE | |||
r-release-windows-x86_64 | 1.2.1 | 65.00 | 150.00 | 215.00 | NOTE | |
r-oldrel-macos-arm64 | 1.2.1 | 61.00 | OK | |||
r-oldrel-macos-x86_64 | 1.2.1 | 124.00 | OK | |||
r-oldrel-windows-x86_64 | 1.2.1 | 63.00 | 141.00 | 204.00 | OK |
Version: 1.2.1
Check: C++ specification
Result: NOTE
Specified C++11: please drop specification unless essential
Flavors: r-devel-linux-x86_64-debian-clang, r-devel-linux-x86_64-debian-gcc, r-devel-linux-x86_64-fedora-clang, r-devel-linux-x86_64-fedora-gcc, r-devel-windows-x86_64, r-patched-linux-x86_64, r-release-linux-x86_64, r-release-macos-arm64, r-release-macos-x86_64, r-release-windows-x86_64