Last updated on 2023-12-01 04:53:57 CET.
Flavor | Version | Tinstall | Tcheck | Ttotal | Status | Flags |
---|---|---|---|---|---|---|
r-devel-linux-x86_64-debian-clang | 0.3-5 | 67.83 | 152.22 | 220.05 | NOTE | |
r-devel-linux-x86_64-debian-gcc | 0.3-5 | 42.99 | 116.31 | 159.30 | NOTE | |
r-devel-linux-x86_64-fedora-clang | 0.3-5 | 331.05 | OK | |||
r-devel-linux-x86_64-fedora-gcc | 0.3-5 | 330.58 | OK | |||
r-devel-windows-x86_64 | 0.3-5 | 49.00 | 176.00 | 225.00 | OK | |
r-patched-linux-x86_64 | 0.3-5 | 65.71 | 149.47 | 215.18 | OK | |
r-release-linux-x86_64 | 0.3-5 | 64.02 | 148.09 | 212.11 | OK | |
r-release-macos-arm64 | 0.3-5 | 81.00 | OK | |||
r-release-macos-x86_64 | 0.3-5 | 138.00 | OK | |||
r-release-windows-x86_64 | 0.3-5 | 59.00 | 217.00 | 276.00 | OK | |
r-oldrel-macos-arm64 | 0.3-5 | 72.00 | OK | |||
r-oldrel-macos-x86_64 | 0.3-5 | 100.00 | OK | |||
r-oldrel-windows-x86_64 | 0.3-5 | 78.00 | 178.00 | 256.00 | OK |
Version: 0.3-5
Check: Rd files
Result: NOTE
checkRd: (-1) besselap.Rd:58: Lost braces
58 | Thomas Sailer, email{t.sailer@alumni.ethz.ch}.\cr Conversion to R by
| ^
checkRd: (-1) diric.Rd:25: Lost braces; missing escapes or markup?
25 | evaluated at the elements of the input array {x}.
| ^
Flavors: r-devel-linux-x86_64-debian-clang, r-devel-linux-x86_64-debian-gcc