Last updated on 2023-12-01 04:53:57 CET.
Flavor | Version | Tinstall | Tcheck | Ttotal | Status | Flags |
---|---|---|---|---|---|---|
r-devel-linux-x86_64-debian-clang | 0.0.4 | 32.27 | 453.28 | 485.55 | OK | |
r-devel-linux-x86_64-debian-gcc | 0.0.4 | 25.00 | 336.00 | 361.00 | OK | |
r-devel-linux-x86_64-fedora-clang | 0.0.4 | 639.88 | OK | |||
r-devel-linux-x86_64-fedora-gcc | 0.0.4 | 635.84 | OK | |||
r-devel-windows-x86_64 | 0.0.4 | 29.00 | 327.00 | 356.00 | OK | |
r-patched-linux-x86_64 | 0.0.4 | 21.18 | 438.14 | 459.32 | OK | |
r-release-linux-x86_64 | 0.0.4 | 22.23 | 438.06 | 460.29 | OK | |
r-release-macos-arm64 | 0.0.4 | 159.00 | NOTE | |||
r-release-macos-x86_64 | 0.0.4 | 336.00 | OK | |||
r-release-windows-x86_64 | 0.0.4 | 38.00 | 459.00 | 497.00 | OK | |
r-oldrel-macos-arm64 | 0.0.4 | 223.00 | NOTE | |||
r-oldrel-macos-x86_64 | 0.0.2 | 189.00 | NOTE | |||
r-oldrel-windows-x86_64 | 0.0.4 | 37.00 | 444.00 | 481.00 | OK |
Version: 0.0.4
Check: installed package size
Result: NOTE
installed size is 5.0Mb
sub-directories of 1Mb or more:
doc 1.6Mb
libs 2.4Mb
Flavors: r-release-macos-arm64, r-oldrel-macos-arm64
Version: 0.0.2
Check: installed package size
Result: NOTE
installed size is 5.1Mb
sub-directories of 1Mb or more:
doc 1.6Mb
libs 2.4Mb
Flavor: r-oldrel-macos-x86_64