Last updated on 2023-12-11 04:51:07 CET.
Flavor | Version | Tinstall | Tcheck | Ttotal | Status | Flags |
---|---|---|---|---|---|---|
r-devel-linux-x86_64-debian-clang | 0.2.1 | 4.75 | 44.94 | 49.69 | NOTE | |
r-devel-linux-x86_64-debian-gcc | 0.2.1 | 3.65 | 35.98 | 39.63 | NOTE | |
r-devel-linux-x86_64-fedora-clang | 0.2.1 | 61.76 | OK | |||
r-devel-linux-x86_64-fedora-gcc | 0.2.1 | 59.80 | OK | |||
r-devel-windows-x86_64 | 0.2.1 | 5.00 | 63.00 | 68.00 | OK | |
r-patched-linux-x86_64 | 0.2.1 | 4.09 | 43.98 | 48.07 | OK | |
r-release-linux-x86_64 | 0.2.1 | 4.67 | 43.46 | 48.13 | OK | |
r-release-macos-arm64 | 0.2.1 | 23.00 | OK | |||
r-release-macos-x86_64 | 0.2.1 | 32.00 | OK | |||
r-release-windows-x86_64 | 0.2.1 | 6.00 | 67.00 | 73.00 | OK | |
r-oldrel-macos-arm64 | 0.2.1 | 22.00 | OK | |||
r-oldrel-macos-x86_64 | 0.2.1 | 30.00 | OK | |||
r-oldrel-windows-x86_64 | 0.2.1 | 9.00 | 71.00 | 80.00 | OK |
Version: 0.2.1
Check: Rd files
Result: NOTE
checkRd: (-1) qdb.p.correct.Rd:14: Lost braces; missing escapes or markup?
14 | \item{refpts}{a numeric vector used as a reference point to determine the correct side of the \code{qdb} for classifying \code{x}. The \code{length(refpts)} should be equal to {ncol(x)}. Default to \code{colMeans(x)}. }
| ^
Flavors: r-devel-linux-x86_64-debian-clang, r-devel-linux-x86_64-debian-gcc