Last updated on 2023-12-10 04:55:59 CET.
Flavor | Version | Tinstall | Tcheck | Ttotal | Status | Flags |
---|---|---|---|---|---|---|
r-devel-linux-x86_64-debian-clang | 1.1 | 70.78 | 38.48 | 109.26 | WARN | |
r-devel-linux-x86_64-debian-gcc | 1.1 | 49.51 | 30.39 | 79.90 | WARN | |
r-devel-linux-x86_64-fedora-clang | 1.1 | 159.04 | WARN | |||
r-devel-linux-x86_64-fedora-gcc | 1.1 | 156.86 | WARN | |||
r-devel-windows-x86_64 | 1.1 | 54.00 | 72.00 | 126.00 | WARN | |
r-patched-linux-x86_64 | 1.1 | 59.33 | 39.22 | 98.55 | WARN | |
r-release-linux-x86_64 | 1.1 | 62.45 | 38.91 | 101.36 | OK | |
r-release-macos-arm64 | 1.1 | 39.00 | OK | |||
r-release-macos-x86_64 | 1.1 | 69.00 | OK | |||
r-release-windows-x86_64 | 1.1 | 68.00 | 81.00 | 149.00 | WARN | |
r-oldrel-macos-arm64 | 1.1 | 38.00 | OK | |||
r-oldrel-macos-x86_64 | 1.1 | 53.00 | OK | |||
r-oldrel-windows-x86_64 | 1.1 | 65.00 | 81.00 | 146.00 | OK |
Version: 1.1
Check: whether package can be installed
Result: WARN
Found the following significant warnings:
hmg.cpp:202:22: warning: 'operator<<' is deprecated: use braced initialiser list instead [-Wdeprecated-declarations]
hmg.cpp:203:22: warning: 'operator<<' is deprecated: use braced initialiser list instead [-Wdeprecated-declarations]
hmg.cpp:453:13: warning: 'operator<<' is deprecated: use braced initialiser list instead [-Wdeprecated-declarations]
See ‘/home/hornik/tmp/R.check/r-devel-clang/Work/PKGS/grove.Rcheck/00install.out’ for details.
* used C++ compiler: ‘Debian clang version 17.0.5 (1)’
Flavor: r-devel-linux-x86_64-debian-clang
Version: 1.1
Check: whether package can be installed
Result: WARN
Found the following significant warnings:
hmg.cpp:202:25: warning: ‘arma::mat_injector<arma::Col<eT> > arma::Col<eT>::operator<<(eT) [with eT = double]’ is deprecated: use braced initialiser list instead [-Wdeprecated-declarations]
hmg.cpp:203:40: warning: ‘arma::mat_injector<arma::Col<eT> > arma::Col<eT>::operator<<(eT) [with eT = double]’ is deprecated: use braced initialiser list instead [-Wdeprecated-declarations]
hmg.cpp:453:33: warning: ‘arma::mat_injector<arma::Col<eT> > arma::Col<eT>::operator<<(eT) [with eT = double]’ is deprecated: use braced initialiser list instead [-Wdeprecated-declarations]
See ‘/home/hornik/tmp/R.check/r-devel-gcc/Work/PKGS/grove.Rcheck/00install.out’ for details.
* used C++ compiler: ‘g++-13 (Debian 13.2.0-7) 13.2.0’
Flavor: r-devel-linux-x86_64-debian-gcc
Version: 1.1
Check: whether package can be installed
Result: WARN
Found the following significant warnings:
hmg.cpp:202:22: warning: 'operator<<' is deprecated: use braced initialiser list instead [-Wdeprecated-declarations]
hmg.cpp:203:22: warning: 'operator<<' is deprecated: use braced initialiser list instead [-Wdeprecated-declarations]
hmg.cpp:453:13: warning: 'operator<<' is deprecated: use braced initialiser list instead [-Wdeprecated-declarations]
See ‘/data/gannet/ripley/R/packages/tests-clang/grove.Rcheck/00install.out’ for details.
* used C++ compiler: ‘clang version 17.0.5’
Flavor: r-devel-linux-x86_64-fedora-clang
Version: 1.1
Check: whether package can be installed
Result: WARN
Found the following significant warnings:
hmg.cpp:202:25: warning: 'arma::mat_injector<arma::Col<eT> > arma::Col<eT>::operator<<(eT) [with eT = double]' is deprecated: use braced initialiser list instead [-Wdeprecated-declarations]
hmg.cpp:203:40: warning: 'arma::mat_injector<arma::Col<eT> > arma::Col<eT>::operator<<(eT) [with eT = double]' is deprecated: use braced initialiser list instead [-Wdeprecated-declarations]
hmg.cpp:453:33: warning: 'arma::mat_injector<arma::Col<eT> > arma::Col<eT>::operator<<(eT) [with eT = double]' is deprecated: use braced initialiser list instead [-Wdeprecated-declarations]
See ‘/data/gannet/ripley/R/packages/tests-devel/grove.Rcheck/00install.out’ for details.
* used C++ compiler: ‘g++-13 (GCC) 13.2.0’
Flavor: r-devel-linux-x86_64-fedora-gcc
Version: 1.1
Check: whether package can be installed
Result: WARN
Found the following significant warnings:
hmg.cpp:202:25: warning: 'arma::mat_injector<arma::Col<eT> > arma::Col<eT>::operator<<(eT) [with eT = double]' is deprecated: use braced initialiser list instead [-Wdeprecated-declarations]
hmg.cpp:203:40: warning: 'arma::mat_injector<arma::Col<eT> > arma::Col<eT>::operator<<(eT) [with eT = double]' is deprecated: use braced initialiser list instead [-Wdeprecated-declarations]
hmg.cpp:453:33: warning: 'arma::mat_injector<arma::Col<eT> > arma::Col<eT>::operator<<(eT) [with eT = double]' is deprecated: use braced initialiser list instead [-Wdeprecated-declarations]
See 'd:/Rcompile/CRANpkg/local/4.4/grove.Rcheck/00install.out' for details.
* used C++ compiler: 'g++.exe (GCC) 12.3.0'
Flavor: r-devel-windows-x86_64
Version: 1.1
Check: whether package can be installed
Result: WARN
Found the following significant warnings:
hmg.cpp:202:25: warning: ‘arma::mat_injector<arma::Col<eT> > arma::Col<eT>::operator<<(eT) [with eT = double]’ is deprecated: use braced initialiser list instead [-Wdeprecated-declarations]
hmg.cpp:203:40: warning: ‘arma::mat_injector<arma::Col<eT> > arma::Col<eT>::operator<<(eT) [with eT = double]’ is deprecated: use braced initialiser list instead [-Wdeprecated-declarations]
hmg.cpp:453:33: warning: ‘arma::mat_injector<arma::Col<eT> > arma::Col<eT>::operator<<(eT) [with eT = double]’ is deprecated: use braced initialiser list instead [-Wdeprecated-declarations]
See ‘/home/hornik/tmp/R.check/r-patched-gcc/Work/PKGS/grove.Rcheck/00install.out’ for details.
* used C++ compiler: ‘g++-13 (Debian 13.2.0-7) 13.2.0’
Flavor: r-patched-linux-x86_64
Version: 1.1
Check: whether package can be installed
Result: WARN
Found the following significant warnings:
hmg.cpp:202:25: warning: 'arma::mat_injector<arma::Col<eT> > arma::Col<eT>::operator<<(eT) [with eT = double]' is deprecated: use braced initialiser list instead [-Wdeprecated-declarations]
hmg.cpp:203:40: warning: 'arma::mat_injector<arma::Col<eT> > arma::Col<eT>::operator<<(eT) [with eT = double]' is deprecated: use braced initialiser list instead [-Wdeprecated-declarations]
hmg.cpp:453:33: warning: 'arma::mat_injector<arma::Col<eT> > arma::Col<eT>::operator<<(eT) [with eT = double]' is deprecated: use braced initialiser list instead [-Wdeprecated-declarations]
See 'd:/Rcompile/CRANpkg/local/4.3/grove.Rcheck/00install.out' for details.
* used C++ compiler: 'g++.exe (GCC) 12.3.0'
Flavor: r-release-windows-x86_64