CRAN Package Check Results for Package grmsem

Last updated on 2023-12-07 04:56:24 CET.

Flavor Version Tinstall Tcheck Ttotal Status Flags
r-devel-linux-x86_64-debian-clang 1.1.0 5.94 476.12 482.06 OK
r-devel-linux-x86_64-debian-gcc 1.1.0 3.53 366.76 370.29 OK
r-devel-linux-x86_64-fedora-clang 1.1.0 585.80 NOTE
r-devel-linux-x86_64-fedora-gcc 1.1.0 571.35 NOTE
r-devel-windows-x86_64 1.1.0 5.00 395.00 400.00 OK
r-patched-linux-x86_64 1.1.0 4.92 456.78 461.70 OK
r-release-linux-x86_64 1.1.0 4.76 455.94 460.70 OK
r-release-macos-arm64 1.1.0 269.00 OK
r-release-macos-x86_64 1.1.0 451.00 OK
r-release-windows-x86_64 1.1.0 7.00 454.00 461.00 OK
r-oldrel-macos-arm64 1.1.0 162.00 OK
r-oldrel-macos-x86_64 1.1.0 177.00 NOTE
r-oldrel-windows-x86_64 1.1.0 6.00 290.00 296.00 OK

Check Details

Version: 1.1.0
Check: dependencies in R code
Result: NOTE Namespace in Imports field not imported from: ‘msm’ All declared Imports should be used. Flavors: r-devel-linux-x86_64-fedora-clang, r-devel-linux-x86_64-fedora-gcc, r-oldrel-macos-x86_64