CRAN Package Check Results for Package grmsem

Last updated on 2024-06-14 05:58:24 CEST.

Flavor Version Tinstall Tcheck Ttotal Status Flags
r-devel-linux-x86_64-debian-clang 1.1.0 5.23 450.72 455.95 OK
r-devel-linux-x86_64-debian-gcc 1.1.0 3.51 36.93 40.44 ERROR
r-devel-linux-x86_64-fedora-clang 1.1.0 560.46 NOTE
r-devel-linux-x86_64-fedora-gcc 1.1.0 567.81 NOTE
r-devel-windows-x86_64 1.1.0 5.00 463.00 468.00 OK
r-patched-linux-x86_64 1.1.0 4.72 443.00 447.72 OK
r-release-linux-x86_64 1.1.0 3.63 455.53 459.16 OK
r-release-macos-arm64 1.1.0 242.00 OK
r-release-macos-x86_64 1.1.0 334.00 OK
r-release-windows-x86_64 1.1.0 6.00 460.00 466.00 OK
r-oldrel-macos-arm64 1.1.0 269.00 OK
r-oldrel-macos-x86_64 1.1.0 451.00 OK
r-oldrel-windows-x86_64 1.1.0 7.00 438.00 445.00 OK

Check Details

Version: 1.1.0
Check: package dependencies
Result: NOTE Package suggested but not available for checking: ‘testthat’ Flavor: r-devel-linux-x86_64-debian-gcc

Version: 1.1.0
Check: tests
Result: ERROR Running ‘testthat.R’ [0s/1s] Running the tests in ‘tests/testthat.R’ failed. Complete output: > library(testthat) Error in library(testthat) : there is no package called 'testthat' Execution halted Flavor: r-devel-linux-x86_64-debian-gcc

Version: 1.1.0
Check: dependencies in R code
Result: NOTE Namespace in Imports field not imported from: ‘msm’ All declared Imports should be used. Flavors: r-devel-linux-x86_64-fedora-clang, r-devel-linux-x86_64-fedora-gcc