Last updated on 2023-10-02 05:57:59 CEST.
Flavor | Version | Tinstall | Tcheck | Ttotal | Status | Flags |
---|---|---|---|---|---|---|
r-devel-linux-x86_64-debian-clang | 0.2.20 | 2.86 | 36.70 | 39.56 | NOTE | |
r-devel-linux-x86_64-debian-gcc | 0.2.20 | 3.02 | 28.57 | 31.59 | NOTE | |
r-devel-linux-x86_64-fedora-clang | 0.2.20 | 50.07 | NOTE | |||
r-devel-linux-x86_64-fedora-gcc | 0.2.20 | 62.52 | NOTE | |||
r-devel-windows-x86_64 | 0.2.20 | 6.00 | 51.00 | 57.00 | NOTE | |
r-patched-linux-x86_64 | 0.2.20 | 3.56 | 34.75 | 38.31 | NOTE | |
r-release-linux-x86_64 | 0.2.20 | 3.37 | 36.15 | 39.52 | NOTE | |
r-release-macos-arm64 | 0.2.20 | 26.00 | NOTE | |||
r-release-macos-x86_64 | 0.2.20 | 39.00 | NOTE | |||
r-release-windows-x86_64 | 0.2.20 | 6.00 | 54.00 | 60.00 | NOTE | |
r-oldrel-macos-arm64 | 0.2.20 | 23.00 | NOTE | |||
r-oldrel-macos-x86_64 | 0.2.20 | 42.00 | NOTE | |||
r-oldrel-windows-x86_64 | 0.2.20 | 7.00 | 58.00 | 65.00 | NOTE |
Version: 0.2.20
Check: LazyData
Result: NOTE
'LazyData' is specified without a 'data' directory
Flavors: r-devel-linux-x86_64-debian-clang, r-devel-linux-x86_64-debian-gcc, r-devel-linux-x86_64-fedora-clang, r-devel-linux-x86_64-fedora-gcc, r-devel-windows-x86_64, r-patched-linux-x86_64, r-release-linux-x86_64, r-release-macos-arm64, r-release-macos-x86_64, r-release-windows-x86_64, r-oldrel-macos-arm64, r-oldrel-macos-x86_64, r-oldrel-windows-x86_64
Version: 0.2.20
Check: dependencies in R code
Result: NOTE
Namespace in Imports field not imported from: ‘usethis’
All declared Imports should be used.
Flavors: r-devel-linux-x86_64-fedora-clang, r-devel-linux-x86_64-fedora-gcc, r-oldrel-macos-arm64, r-oldrel-macos-x86_64