Last updated on 2023-12-01 04:53:57 CET.
Flavor | Version | Tinstall | Tcheck | Ttotal | Status | Flags |
---|---|---|---|---|---|---|
r-devel-linux-x86_64-debian-clang | 2.3.1 | 384.88 | 102.99 | 487.87 | NOTE | |
r-devel-linux-x86_64-debian-gcc | 2.3.1 | 252.30 | 85.37 | 337.67 | NOTE | |
r-devel-linux-x86_64-fedora-clang | 2.3.1 | 720.02 | NOTE | |||
r-devel-linux-x86_64-fedora-gcc | 2.3.1 | 698.61 | NOTE | |||
r-devel-windows-x86_64 | 2.3.1 | 297.00 | 137.00 | 434.00 | NOTE | |
r-patched-linux-x86_64 | 2.3.1 | 317.32 | 108.84 | 426.16 | NOTE | |
r-release-linux-x86_64 | 2.3.1 | 300.36 | 109.25 | 409.61 | NOTE | |
r-release-macos-arm64 | 2.3.1 | 135.00 | NOTE | |||
r-release-macos-x86_64 | 2.3.1 | 182.00 | NOTE | |||
r-release-windows-x86_64 | 2.3.1 | 387.00 | 165.00 | 552.00 | NOTE | |
r-oldrel-macos-arm64 | 2.3.1 | 142.00 | NOTE | |||
r-oldrel-macos-x86_64 | 2.3.1 | 191.00 | NOTE | |||
r-oldrel-windows-x86_64 | 2.3.1 | 332.00 | 142.00 | 474.00 | NOTE |
Version: 2.3.1
Check: Rd files
Result: NOTE
checkRd: (-1) generate_causal_data.Rd:37: Lost braces
37 | \item "simple": tau = max(X1, 0), e = 0.4 + 0.2 * 1{X1 > 0}.
| ^
checkRd: (-1) generate_causal_survival_data.Rd:29: Lost braces; missing escapes or markup?
29 | \item{rho}{The correlation coefficient of the X's covariance matrix V_{ij} = rho^|i-j|. Default is 0.}
| ^
checkRd: (-1) predict.causal_forest.Rd:41: Lost braces
41 | \item{estimate.variance}{Whether variance estimates for hat{tau}(x) are desired
| ^
checkRd: (-1) predict.causal_survival_forest.Rd:27: Lost braces
27 | \item{estimate.variance}{Whether variance estimates for hat{tau}(x) are desired
| ^
checkRd: (-1) predict.instrumental_forest.Rd:27: Lost braces
27 | \item{estimate.variance}{Whether variance estimates for hat{tau}(x) are desired
| ^
checkRd: (-1) predict.ll_regression_forest.Rd:41: Lost braces
41 | \item{estimate.variance}{Whether variance estimates for hat{tau}(x) are desired
| ^
checkRd: (-1) predict.lm_forest.Rd:28: Lost braces
28 | \item{estimate.variance}{Whether variance estimates for hat{h_k}(x) are desired
| ^
checkRd: (-1) predict.multi_arm_causal_forest.Rd:28: Lost braces
28 | \item{estimate.variance}{Whether variance estimates for hat{tau}(x) are desired
| ^
checkRd: (-1) predict.regression_forest.Rd:41: Lost braces
41 | \item{estimate.variance}{Whether variance estimates for hat{tau}(x) are desired
| ^
Flavors: r-devel-linux-x86_64-debian-clang, r-devel-linux-x86_64-debian-gcc
Version: 2.3.1
Check: for GNU extensions in Makefiles
Result: NOTE
GNU make is a SystemRequirements.
Flavors: r-devel-linux-x86_64-debian-clang, r-devel-linux-x86_64-debian-gcc, r-devel-linux-x86_64-fedora-clang, r-devel-linux-x86_64-fedora-gcc, r-devel-windows-x86_64, r-patched-linux-x86_64, r-release-linux-x86_64, r-release-macos-arm64, r-release-macos-x86_64, r-release-windows-x86_64, r-oldrel-macos-arm64, r-oldrel-macos-x86_64, r-oldrel-windows-x86_64
Version: 2.3.1
Check: installed package size
Result: NOTE
installed size is 29.6Mb
sub-directories of 1Mb or more:
libs 29.1Mb
Flavors: r-release-macos-arm64, r-release-macos-x86_64, r-oldrel-macos-arm64, r-oldrel-macos-x86_64