CRAN Package Check Results for Package greta

Last updated on 2024-06-14 05:58:24 CEST.

Flavor Version Tinstall Tcheck Ttotal Status Flags
r-devel-linux-x86_64-debian-clang 0.4.5 56.52 232.43 288.95 OK
r-devel-linux-x86_64-debian-gcc 0.4.5 0.44 1.92 2.36 ERROR
r-devel-linux-x86_64-fedora-clang 0.4.5 352.84 OK
r-devel-linux-x86_64-fedora-gcc 0.4.5 349.76 OK
r-devel-windows-x86_64 0.4.5 66.00 659.00 725.00 OK
r-patched-linux-x86_64 0.4.5 45.87 220.53 266.40 OK
r-release-linux-x86_64 0.4.5 42.76 219.74 262.50 OK
r-release-macos-arm64 0.4.5 98.00 OK
r-release-macos-x86_64 0.4.5 159.00 OK
r-release-windows-x86_64 0.4.5 67.00 651.00 718.00 OK
r-oldrel-macos-arm64 0.4.5 100.00 OK
r-oldrel-macos-x86_64 0.4.5 186.00 OK
r-oldrel-windows-x86_64 0.4.5 57.00 322.00 379.00 OK

Check Details

Version: 0.4.5
Check: package dependencies
Result: ERROR Packages required but not available: 'progress', 'tensorflow' Packages suggested but not available for checking: 'bayesplot', 'DiagrammeR', 'ggplot2', 'mockery', 'testthat', 'tidyverse' See section ‘The DESCRIPTION file’ in the ‘Writing R Extensions’ manual. Flavor: r-devel-linux-x86_64-debian-gcc