Last updated on 2023-12-09 04:50:54 CET.
Flavor | Version | Tinstall | Tcheck | Ttotal | Status | Flags |
---|---|---|---|---|---|---|
r-devel-linux-x86_64-debian-clang | 1.5.1 | 47.77 | 29.20 | 76.97 | NOTE | |
r-devel-linux-x86_64-debian-gcc | 1.5.1 | 34.47 | 22.82 | 57.29 | NOTE | |
r-devel-linux-x86_64-fedora-clang | 1.5.1 | 108.34 | NOTE | |||
r-devel-linux-x86_64-fedora-gcc | 1.5.1 | 113.97 | NOTE | |||
r-devel-windows-x86_64 | 1.5.1 | 39.00 | 68.00 | 107.00 | NOTE | |
r-patched-linux-x86_64 | 1.5.1 | 44.08 | 28.55 | 72.63 | NOTE | |
r-release-linux-x86_64 | 1.5.1 | 42.85 | 28.41 | 71.26 | NOTE | |
r-release-macos-arm64 | 1.5.1 | 30.00 | NOTE | |||
r-release-macos-x86_64 | 1.5.1 | 49.00 | NOTE | |||
r-release-windows-x86_64 | 1.5.1 | 40.00 | 72.00 | 112.00 | NOTE | |
r-oldrel-macos-arm64 | 1.5.1 | 30.00 | OK | |||
r-oldrel-macos-x86_64 | 1.5.1 | 47.00 | OK | |||
r-oldrel-windows-x86_64 | 1.5.1 | 47.00 | 72.00 | 119.00 | OK |
Version: 1.5.1
Check: C++ specification
Result: NOTE
Specified C++11: please drop specification unless essential
Flavors: r-devel-linux-x86_64-debian-clang, r-devel-linux-x86_64-debian-gcc, r-devel-linux-x86_64-fedora-clang, r-devel-linux-x86_64-fedora-gcc, r-devel-windows-x86_64, r-patched-linux-x86_64, r-release-linux-x86_64, r-release-macos-arm64, r-release-macos-x86_64, r-release-windows-x86_64