CRAN Package Check Results for Package graph4lg

Last updated on 2023-12-07 04:56:24 CET.

Flavor Version Tinstall Tcheck Ttotal Status Flags
r-devel-linux-x86_64-debian-clang 1.8.0 17.74 203.44 221.18 OK
r-devel-linux-x86_64-debian-gcc 1.8.0 13.05 150.74 163.79 OK
r-devel-linux-x86_64-fedora-clang 1.8.0 279.65 NOTE
r-devel-linux-x86_64-fedora-gcc 1.8.0 280.63 NOTE
r-devel-windows-x86_64 1.8.0 16.00 180.00 196.00 OK
r-patched-linux-x86_64 1.8.0 11.84 193.76 205.60 OK
r-release-linux-x86_64 1.8.0 11.55 191.49 203.04 OK
r-release-macos-arm64 1.8.0 84.00 OK
r-release-macos-x86_64 1.8.0 138.00 OK
r-release-windows-x86_64 1.8.0 22.00 223.00 245.00 OK
r-oldrel-macos-arm64 1.8.0 68.00 OK
r-oldrel-macos-x86_64 1.8.0 98.00 OK
r-oldrel-windows-x86_64 1.8.0 21.00 216.00 237.00 OK

Check Details

Version: 1.8.0
Check: dependencies in R code
Result: NOTE Namespace in Imports field not imported from: ‘Rdpack’ All declared Imports should be used. Flavors: r-devel-linux-x86_64-fedora-clang, r-devel-linux-x86_64-fedora-gcc