Last updated on 2023-12-02 04:52:15 CET.
Flavor | Version | Tinstall | Tcheck | Ttotal | Status | Flags |
---|---|---|---|---|---|---|
r-devel-linux-x86_64-debian-clang | 0.0.8 | 12.46 | 101.34 | 113.80 | OK | |
r-devel-linux-x86_64-debian-gcc | 0.0.8 | 10.08 | 74.78 | 84.86 | OK | |
r-devel-linux-x86_64-fedora-clang | 0.0.8 | 137.09 | NOTE | |||
r-devel-linux-x86_64-fedora-gcc | 0.0.8 | 140.24 | NOTE | |||
r-devel-windows-x86_64 | 0.0.8 | 11.00 | 89.00 | 100.00 | OK | |
r-patched-linux-x86_64 | 0.0.8 | 14.29 | 94.81 | 109.10 | OK | |
r-release-linux-x86_64 | 0.0.8 | 7.76 | 93.71 | 101.47 | OK | |
r-release-macos-arm64 | 0.0.8 | 45.00 | OK | |||
r-release-macos-x86_64 | 0.0.8 | 95.00 | OK | |||
r-release-windows-x86_64 | 0.0.8 | 16.00 | 102.00 | 118.00 | OK | |
r-oldrel-macos-arm64 | 0.0.8 | 42.00 | OK | |||
r-oldrel-macos-x86_64 | 0.0.8 | 63.00 | OK | |||
r-oldrel-windows-x86_64 | 0.0.8 | 16.00 | 104.00 | 120.00 | OK |
Version: 0.0.8
Check: data for non-ASCII characters
Result: NOTE
Note: found 5030 marked UTF-8 strings
Flavors: r-devel-linux-x86_64-fedora-clang, r-devel-linux-x86_64-fedora-gcc