CRAN Package Check Results for Package gradientPickerD3

Last updated on 2023-12-11 04:51:07 CET.

Flavor Version Tinstall Tcheck Ttotal Status Flags
r-devel-linux-x86_64-debian-clang 0.1.0.0 3.71 37.21 40.92 NOTE
r-devel-linux-x86_64-debian-gcc 0.1.0.0 3.35 29.20 32.55 NOTE
r-devel-linux-x86_64-fedora-clang 0.1.0.0 50.74 NOTE
r-devel-linux-x86_64-fedora-gcc 0.1.0.0 51.13 NOTE
r-devel-windows-x86_64 0.1.0.0 5.00 50.00 55.00 NOTE
r-patched-linux-x86_64 0.1.0.0 7.82 35.61 43.43 NOTE
r-release-linux-x86_64 0.1.0.0 2.55 36.26 38.81 NOTE
r-release-macos-arm64 0.1.0.0 23.00 NOTE
r-release-macos-x86_64 0.1.0.0 29.00 NOTE
r-release-windows-x86_64 0.1.0.0 7.00 53.00 60.00 NOTE
r-oldrel-macos-arm64 0.1.0.0 19.00 NOTE
r-oldrel-macos-x86_64 0.1.0.0 34.00 NOTE
r-oldrel-windows-x86_64 0.1.0.0 7.00 58.00 65.00 NOTE

Check Details

Version: 0.1.0.0
Check: LazyData
Result: NOTE 'LazyData' is specified without a 'data' directory Flavors: r-devel-linux-x86_64-debian-clang, r-devel-linux-x86_64-debian-gcc, r-devel-linux-x86_64-fedora-clang, r-devel-linux-x86_64-fedora-gcc, r-devel-windows-x86_64, r-patched-linux-x86_64, r-release-linux-x86_64, r-release-macos-arm64, r-release-macos-x86_64, r-release-windows-x86_64, r-oldrel-macos-arm64, r-oldrel-macos-x86_64, r-oldrel-windows-x86_64