CRAN Package Check Results for Package gpairs

Last updated on 2024-07-19 05:57:35 CEST.

Flavor Version Tinstall Tcheck Ttotal Status Flags
r-devel-linux-x86_64-debian-clang 1.3.3 3.48 37.12 40.60 OK
r-devel-linux-x86_64-debian-gcc 1.3.3 2.49 28.05 30.54 OK
r-devel-linux-x86_64-fedora-clang 1.3.3 51.23 OK
r-devel-linux-x86_64-fedora-gcc 1.3.3 48.22 OK
r-devel-windows-x86_64 1.3.3 5.00 49.00 54.00 NOTE
r-patched-linux-x86_64 1.3.3 3.98 35.37 39.35 OK
r-release-linux-x86_64 1.3.3 3.54 34.40 37.94 OK
r-release-macos-arm64 1.3.3 18.00 OK
r-release-macos-x86_64 1.3.3 34.00 OK
r-release-windows-x86_64 1.3.3 4.00 49.00 53.00 OK
r-oldrel-macos-arm64 1.3.3 20.00 OK
r-oldrel-macos-x86_64 1.3.3 30.00 OK
r-oldrel-windows-x86_64 1.3.3 5.00 52.00 57.00 OK

Check Details

Version: 1.3.3
Check: Rd cross-references
Result: NOTE Found the following Rd file(s) with Rd \link{} targets missing package anchors: gpairs.Rd: splom, bwplot, barcode Please provide package anchors for all Rd \link{} targets not in the package itself and the base packages. Flavor: r-devel-windows-x86_64