CRAN Package Check Results for Package goxygen

Last updated on 2024-06-14 05:58:24 CEST.

Flavor Version Tinstall Tcheck Ttotal Status Flags
r-devel-linux-x86_64-debian-clang 1.0.3 6.93 88.19 95.12 OK
r-devel-linux-x86_64-debian-gcc 1.0.3 0.38 1.85 2.23 ERROR
r-devel-linux-x86_64-fedora-clang 1.0.3 125.68 OK
r-devel-linux-x86_64-fedora-gcc 1.0.3 143.28 OK
r-devel-windows-x86_64 1.0.3 7.00 116.00 123.00 OK
r-patched-linux-x86_64 1.0.3 10.21 85.23 95.44 OK
r-release-linux-x86_64 1.0.3 7.35 85.78 93.13 OK
r-release-macos-arm64 1.0.3 58.00 OK
r-release-macos-x86_64 1.0.3 93.00 OK
r-release-windows-x86_64 1.0.3 7.00 126.00 133.00 OK
r-oldrel-macos-arm64 1.0.3 64.00 OK
r-oldrel-macos-x86_64 1.0.3 53.00 OK
r-oldrel-windows-x86_64 1.0.3 10.00 122.00 132.00 OK

Check Details

Version: 1.0.3
Check: package dependencies
Result: ERROR Package required but not available: ‘gms’ Package suggested but not available for checking: ‘testthat’ See section ‘The DESCRIPTION file’ in the ‘Writing R Extensions’ manual. Flavor: r-devel-linux-x86_64-debian-gcc