CRAN Package Check Results for Package googlesheets4

Last updated on 2024-07-13 05:49:15 CEST.

Flavor Version Tinstall Tcheck Ttotal Status Flags
r-devel-linux-x86_64-debian-clang 1.1.1 7.25 88.12 95.37 OK
r-devel-linux-x86_64-debian-gcc 1.1.1 5.72 63.16 68.88 OK
r-devel-linux-x86_64-fedora-clang 1.1.1 117.64 NOTE
r-devel-linux-x86_64-fedora-gcc 1.1.1 110.28 OK
r-devel-windows-x86_64 1.1.1 9.00 88.00 97.00 NOTE
r-patched-linux-x86_64 1.1.1 11.02 81.97 92.99 OK
r-release-linux-x86_64 1.1.1 9.06 82.00 91.06 OK
r-release-macos-arm64 1.1.1 33.00 OK
r-release-macos-x86_64 1.1.1 53.00 OK
r-release-windows-x86_64 1.1.1 9.00 91.00 100.00 OK
r-oldrel-macos-arm64 1.1.1 37.00 OK
r-oldrel-macos-x86_64 1.1.1 69.00 OK
r-oldrel-windows-x86_64 1.1.1 12.00 105.00 117.00 OK

Check Details

Version: 1.1.1
Check: Rd cross-references
Result: NOTE Undeclared package ‘jsonlite’ in Rd xrefs Flavor: r-devel-linux-x86_64-fedora-clang

Version: 1.1.1
Check: Rd cross-references
Result: NOTE Found the following Rd file(s) with Rd \link{} targets missing package anchors: cell-specification.Rd: cellranger request_make.Rd: httr sheets_id.Rd: googledrive Please provide package anchors for all Rd \link{} targets not in the package itself and the base packages. Flavor: r-devel-windows-x86_64